{"id":1318,"date":"2018-08-24T10:13:29","date_gmt":"2018-08-24T10:13:29","guid":{"rendered":"https:\/\/www.od.dk\/?post_type=materialer&#038;p=1318"},"modified":"2023-08-24T10:47:07","modified_gmt":"2023-08-24T10:47:07","slug":"groenland-2018-groenlands-historie","status":"publish","type":"materialer","link":"https:\/\/www.od.dk\/?materialer=groenland-2018-groenlands-historie","title":{"rendered":"Gr\u00f8nland 2018 &#8211; Gr\u00f8nlands historie"},"content":{"rendered":"\n<p><\/p>\n\n\n\n<p>Siden koloniseringen af Gr\u00f8nland, har Danmark og Gr\u00f8nlands historie v\u00e6ret uadskillelige. Alligevel har den f\u00e6lles historie i en l\u00e6ngere tid, v\u00e6ret pr\u00e6get af uvidenhed fra dansk side. Denne uvidenhed er yderst problematisk, fordi det skaber en ubalance i forholdet mellem dansker og gr\u00f8nl\u00e6ndere b\u00e5de p\u00e5 et socialt, kulturelt og historisk f\u00e6lles niveau.<\/p>\n\n\n\n<p>Undervisningsforl\u00f8bet &#8220;Gr\u00f8nlands historie&#8221; besk\u00e6ftiger sig med historie p\u00e5 A-niveau p\u00e5 STX-uddannelser. Eleven vil f\u00e5 et indblik i Gr\u00f8nlands historie fra 1721 frem til 2010. Forl\u00f8bet pr\u00e6senterer konkrete h\u00e6ndelser som Hans Egedes kolonisering, lukningen af Qullissat samt indf\u00f8relsen af selvstyret. Undervisningen dykker ligeledes ned i mere abstrakte temaer som skabelsen af Gr\u00f8nland som nation og hvilke sociale og politiske tanker, der har gjort sig g\u00e6ldene i tidsperioden.<\/p>\n\n\n\n<p>Undervisningsmaterialets kernestof d\u00e6kker f\u00f8lgende omr\u00e5der:<\/p>\n\n\n\n<ul>\n<li>Stats- og nationsdannelser, herunder Danmarks.<\/li>\n\n\n\n<li>Politiske ideologier, herunder ideologiernes kamp i det 20. \u00e5rhundrede.<\/li>\n\n\n\n<li>Forskellige styreformer og samfundsorganiseringer.<\/li>\n\n\n\n<li>Forandringer i levevilk\u00e5r, teknologi og produktion gennem tiderne.<\/li>\n\n\n\n<li>Kulturer og kulturm\u00f8der i Europas og verdens historie.<\/li>\n<\/ul>\n\n\n\n<p>Herunder er der sat s\u00e6rligt fokus p\u00e5, at den gr\u00f8nlandske historie, pr\u00e6senteres objektivt og at det er eleven, som skal redeg\u00f8re, analysere og diskutere ud fra et samtidigt perspektiv.<\/p>\n\n\n\n<p>Derudover er det et valg at der findes lektier i forl\u00f8bet, dette kan l\u00e6reren tilpasse som \u00f8nsket.<\/p>\n\n\n<script type=\"text\/javascript\">\ndocument.addEventListener('DOMContentLoaded', function () {\n\n  const linksToTrack = document.querySelectorAll('a.ressource-download');\n  \n  linksToTrack.forEach((linkToTrack) => {\n    linkToTrack.addEventListener('click', function (event) {\n      event.preventDefault();\n      const href = this.href;\n      fetch('\/wp-admin\/admin-ajax.php', {\n        method: 'POST',\n        credentials: 'same-origin',\n        headers: {\n          'Content-Type': 'application\/x-www-form-urlencoded',\n        },\n        body: 'action=track_link_click&link_url=' + encodeURIComponent(href)\n      }).then(response => response.text())\n        .then(data => {\n          window.location.href = href;\n        });\n    });\n  });\n});\n<\/script>\n\n\n<div id=\"downloads\">\n  <div class=\"downloads\">\n    <h2 class=\"h2\">Hent materialer<\/h2>\n    <div class=\"row\">\n               \n        <div class=\"col-12\">\n          <a class=\"ressource-download cc\" href=\"https:\/\/www.od.dk\/wp-content\/uploads\/2023\/08\/Laerervejledning-Groenlands-historie.pdf\" target=\"_blank\">\n            <i class=\"fa fa-download\" aria-hidden=\"true\"><\/i>\n            L\u00e6rervejledning          <\/a>\n\n                  <\/div>\n                 \n        <div class=\"col-12\">\n          <a class=\"ressource-download cc\" href=\"https:\/\/www.od.dk\/wp-content\/uploads\/2023\/08\/Elevhaefte.pdf\" target=\"_blank\">\n            <i class=\"fa fa-download\" aria-hidden=\"true\"><\/i>\n            Elevh\u00e6fte          <\/a>\n\n                  <\/div>\n                 \n        <div class=\"col-12\">\n          <a class=\"ressource-download cc\" href=\"https:\/\/www.od.dk\/wp-content\/uploads\/2023\/08\/Sume-Qullissat.pdf\" target=\"_blank\">\n            <i class=\"fa fa-download\" aria-hidden=\"true\"><\/i>\n            Sume Qullissat          <\/a>\n\n                  <\/div>\n        <\/div>\n<\/div>\n<\/div>\n\n<style>\n\n    .download-count {\n      font-size: .85rem;\n      background-color: #f1f1f1;\n      padding: 3px 10px;\n      border-radius: 9999px;\n      margin-left: 5px;\n    }\n\n<\/style>\n\n\n\n<p><\/p>\n","protected":false},"featured_media":1322,"parent":0,"menu_order":0,"template":"","fag":[23],"medietype":[],"projekt":[118],"tema":[],"acf":[],"yoast_head":"<!-- This site is optimized with the Yoast SEO plugin v22.5 - https:\/\/yoast.com\/wordpress\/plugins\/seo\/ -->\n<title>Gr\u00f8nland 2018 - Gr\u00f8nlands historie - Operation Dagsv\u00e6rk<\/title>\n<meta name=\"robots\" content=\"index, follow, max-snippet:-1, max-image-preview:large, max-video-preview:-1\" \/>\n<link rel=\"canonical\" href=\"https:\/\/www.od.dk\/?materialer=groenland-2018-groenlands-historie\" \/>\n<meta property=\"og:locale\" content=\"da_DK\" \/>\n<meta property=\"og:type\" content=\"article\" \/>\n<meta property=\"og:title\" content=\"Gr\u00f8nland 2018 - Gr\u00f8nlands historie - Operation Dagsv\u00e6rk\" \/>\n<meta property=\"og:description\" content=\"Siden koloniseringen af Gr\u00f8nland, har Danmark og Gr\u00f8nlands historie v\u00e6ret uadskillelige. Alligevel har den f\u00e6lles historie i en l\u00e6ngere tid, v\u00e6ret pr\u00e6get af uvidenhed fra dansk side. Denne uvidenhed er yderst problematisk, fordi det skaber &hellip;\" \/>\n<meta property=\"og:url\" content=\"https:\/\/www.od.dk\/?materialer=groenland-2018-groenlands-historie\" \/>\n<meta property=\"og:site_name\" content=\"Operation Dagsv\u00e6rk\" \/>\n<meta property=\"article:modified_time\" content=\"2023-08-24T10:47:07+00:00\" \/>\n<meta property=\"og:image\" content=\"https:\/\/www.od.dk\/wp-content\/uploads\/2023\/08\/OD_URK_GROeNLAND77.jpg\" \/>\n\t<meta property=\"og:image:width\" content=\"2002\" \/>\n\t<meta property=\"og:image:height\" content=\"2205\" \/>\n\t<meta property=\"og:image:type\" content=\"image\/jpeg\" \/>\n<meta name=\"twitter:card\" content=\"summary_large_image\" \/>\n<meta name=\"twitter:label1\" content=\"Estimeret l\u00e6setid\" \/>\n\t<meta name=\"twitter:data1\" content=\"2 minutter\" \/>\n<script type=\"application\/ld+json\" class=\"yoast-schema-graph\">{\"@context\":\"https:\/\/schema.org\",\"@graph\":[{\"@type\":\"WebPage\",\"@id\":\"https:\/\/www.od.dk\/?materialer=groenland-2018-groenlands-historie\",\"url\":\"https:\/\/www.od.dk\/?materialer=groenland-2018-groenlands-historie\",\"name\":\"Gr\u00f8nland 2018 - Gr\u00f8nlands historie - Operation Dagsv\u00e6rk\",\"isPartOf\":{\"@id\":\"https:\/\/www.od.dk\/#website\"},\"primaryImageOfPage\":{\"@id\":\"https:\/\/www.od.dk\/?materialer=groenland-2018-groenlands-historie#primaryimage\"},\"image\":{\"@id\":\"https:\/\/www.od.dk\/?materialer=groenland-2018-groenlands-historie#primaryimage\"},\"thumbnailUrl\":\"https:\/\/www.od.dk\/wp-content\/uploads\/2023\/08\/OD_URK_GROeNLAND77.jpg\",\"datePublished\":\"2018-08-24T10:13:29+00:00\",\"dateModified\":\"2023-08-24T10:47:07+00:00\",\"breadcrumb\":{\"@id\":\"https:\/\/www.od.dk\/?materialer=groenland-2018-groenlands-historie#breadcrumb\"},\"inLanguage\":\"da-DK\",\"potentialAction\":[{\"@type\":\"ReadAction\",\"target\":[\"https:\/\/www.od.dk\/?materialer=groenland-2018-groenlands-historie\"]}]},{\"@type\":\"ImageObject\",\"inLanguage\":\"da-DK\",\"@id\":\"https:\/\/www.od.dk\/?materialer=groenland-2018-groenlands-historie#primaryimage\",\"url\":\"https:\/\/www.od.dk\/wp-content\/uploads\/2023\/08\/OD_URK_GROeNLAND77.jpg\",\"contentUrl\":\"https:\/\/www.od.dk\/wp-content\/uploads\/2023\/08\/OD_URK_GROeNLAND77.jpg\",\"width\":2002,\"height\":2205},{\"@type\":\"BreadcrumbList\",\"@id\":\"https:\/\/www.od.dk\/?materialer=groenland-2018-groenlands-historie#breadcrumb\",\"itemListElement\":[{\"@type\":\"ListItem\",\"position\":1,\"name\":\"Forside\",\"item\":\"https:\/\/www.od.dk\/\"},{\"@type\":\"ListItem\",\"position\":2,\"name\":\"Materialer\",\"item\":\"https:\/\/www.od.dk\/?post_type=materialer\"},{\"@type\":\"ListItem\",\"position\":3,\"name\":\"Gr\u00f8nland 2018 &#8211; Gr\u00f8nlands historie\"}]},{\"@type\":\"WebSite\",\"@id\":\"https:\/\/www.od.dk\/#website\",\"url\":\"https:\/\/www.od.dk\/\",\"name\":\"Operation Dagsv\u00e6rk\",\"description\":\"Oplysning, stillingtagen, handling\",\"alternateName\":\"OD\",\"potentialAction\":[{\"@type\":\"SearchAction\",\"target\":{\"@type\":\"EntryPoint\",\"urlTemplate\":\"https:\/\/www.od.dk\/?s={search_term_string}\"},\"query-input\":\"required name=search_term_string\"}],\"inLanguage\":\"da-DK\"}]}<\/script>\n<!-- \/ Yoast SEO plugin. -->","yoast_head_json":{"title":"Gr\u00f8nland 2018 - Gr\u00f8nlands historie - Operation Dagsv\u00e6rk","robots":{"index":"index","follow":"follow","max-snippet":"max-snippet:-1","max-image-preview":"max-image-preview:large","max-video-preview":"max-video-preview:-1"},"canonical":"https:\/\/www.od.dk\/?materialer=groenland-2018-groenlands-historie","og_locale":"da_DK","og_type":"article","og_title":"Gr\u00f8nland 2018 - Gr\u00f8nlands historie - Operation Dagsv\u00e6rk","og_description":"Siden koloniseringen af Gr\u00f8nland, har Danmark og Gr\u00f8nlands historie v\u00e6ret uadskillelige. Alligevel har den f\u00e6lles historie i en l\u00e6ngere tid, v\u00e6ret pr\u00e6get af uvidenhed fra dansk side. Denne uvidenhed er yderst problematisk, fordi det skaber &hellip;","og_url":"https:\/\/www.od.dk\/?materialer=groenland-2018-groenlands-historie","og_site_name":"Operation Dagsv\u00e6rk","article_modified_time":"2023-08-24T10:47:07+00:00","og_image":[{"width":2002,"height":2205,"url":"https:\/\/www.od.dk\/wp-content\/uploads\/2023\/08\/OD_URK_GROeNLAND77.jpg","type":"image\/jpeg"}],"twitter_card":"summary_large_image","twitter_misc":{"Estimeret l\u00e6setid":"2 minutter"},"schema":{"@context":"https:\/\/schema.org","@graph":[{"@type":"WebPage","@id":"https:\/\/www.od.dk\/?materialer=groenland-2018-groenlands-historie","url":"https:\/\/www.od.dk\/?materialer=groenland-2018-groenlands-historie","name":"Gr\u00f8nland 2018 - Gr\u00f8nlands historie - Operation Dagsv\u00e6rk","isPartOf":{"@id":"https:\/\/www.od.dk\/#website"},"primaryImageOfPage":{"@id":"https:\/\/www.od.dk\/?materialer=groenland-2018-groenlands-historie#primaryimage"},"image":{"@id":"https:\/\/www.od.dk\/?materialer=groenland-2018-groenlands-historie#primaryimage"},"thumbnailUrl":"https:\/\/www.od.dk\/wp-content\/uploads\/2023\/08\/OD_URK_GROeNLAND77.jpg","datePublished":"2018-08-24T10:13:29+00:00","dateModified":"2023-08-24T10:47:07+00:00","breadcrumb":{"@id":"https:\/\/www.od.dk\/?materialer=groenland-2018-groenlands-historie#breadcrumb"},"inLanguage":"da-DK","potentialAction":[{"@type":"ReadAction","target":["https:\/\/www.od.dk\/?materialer=groenland-2018-groenlands-historie"]}]},{"@type":"ImageObject","inLanguage":"da-DK","@id":"https:\/\/www.od.dk\/?materialer=groenland-2018-groenlands-historie#primaryimage","url":"https:\/\/www.od.dk\/wp-content\/uploads\/2023\/08\/OD_URK_GROeNLAND77.jpg","contentUrl":"https:\/\/www.od.dk\/wp-content\/uploads\/2023\/08\/OD_URK_GROeNLAND77.jpg","width":2002,"height":2205},{"@type":"BreadcrumbList","@id":"https:\/\/www.od.dk\/?materialer=groenland-2018-groenlands-historie#breadcrumb","itemListElement":[{"@type":"ListItem","position":1,"name":"Forside","item":"https:\/\/www.od.dk\/"},{"@type":"ListItem","position":2,"name":"Materialer","item":"https:\/\/www.od.dk\/?post_type=materialer"},{"@type":"ListItem","position":3,"name":"Gr\u00f8nland 2018 &#8211; Gr\u00f8nlands historie"}]},{"@type":"WebSite","@id":"https:\/\/www.od.dk\/#website","url":"https:\/\/www.od.dk\/","name":"Operation Dagsv\u00e6rk","description":"Oplysning, stillingtagen, handling","alternateName":"OD","potentialAction":[{"@type":"SearchAction","target":{"@type":"EntryPoint","urlTemplate":"https:\/\/www.od.dk\/?s={search_term_string}"},"query-input":"required name=search_term_string"}],"inLanguage":"da-DK"}]}},"_links":{"self":[{"href":"https:\/\/www.od.dk\/index.php?rest_route=\/wp\/v2\/materialer\/1318"}],"collection":[{"href":"https:\/\/www.od.dk\/index.php?rest_route=\/wp\/v2\/materialer"}],"about":[{"href":"https:\/\/www.od.dk\/index.php?rest_route=\/wp\/v2\/types\/materialer"}],"wp:featuredmedia":[{"embeddable":true,"href":"https:\/\/www.od.dk\/index.php?rest_route=\/wp\/v2\/media\/1322"}],"wp:attachment":[{"href":"https:\/\/www.od.dk\/index.php?rest_route=%2Fwp%2Fv2%2Fmedia&parent=1318"}],"wp:term":[{"taxonomy":"fag","embeddable":true,"href":"https:\/\/www.od.dk\/index.php?rest_route=%2Fwp%2Fv2%2Ffag&post=1318"},{"taxonomy":"medietype","embeddable":true,"href":"https:\/\/www.od.dk\/index.php?rest_route=%2Fwp%2Fv2%2Fmedietype&post=1318"},{"taxonomy":"projekt","embeddable":true,"href":"https:\/\/www.od.dk\/index.php?rest_route=%2Fwp%2Fv2%2Fprojekt&post=1318"},{"taxonomy":"tema","embeddable":true,"href":"https:\/\/www.od.dk\/index.php?rest_route=%2Fwp%2Fv2%2Ftema&post=1318"}],"curies":[{"name":"wp","href":"https:\/\/api.w.org\/{rel}","templated":true}]}}

Grønland 2018 &#8211; Grønlands historie

<p></p>



<p>Siden koloniseringen af Grønland, har Danmark og Grønlands historie været uadskillelige. Alligevel har den fælles historie i en længere tid, været præget af uvidenhed fra dansk side. Denne uvidenhed er yderst problematisk, fordi det skaber en ubalance i forholdet mellem dansker og grønlændere både på et socialt, kulturelt og historisk fælles niveau.</p>



<p>Undervisningsforløbet &#8220;Grønlands historie&#8221; beskæftiger sig med historie på A-niveau på STX-uddannelser. Eleven vil få et indblik i Grønlands historie fra 1721 frem til 2010. Forløbet præsenterer konkrete hændelser som Hans Egedes kolonisering, lukningen af Qullissat samt indførelsen af selvstyret. Undervisningen dykker ligeledes ned i mere abstrakte temaer som skabelsen af Grønland som nation og hvilke sociale og politiske tanker, der har gjort sig gældene i tidsperioden.</p>



<p>Undervisningsmaterialets kernestof dækker følgende områder:</p>



<ul>
<li>Stats- og nationsdannelser, herunder Danmarks.</li>



<li>Politiske ideologier, herunder ideologiernes kamp i det 20. århundrede.</li>



<li>Forskellige styreformer og samfundsorganiseringer.</li>



<li>Forandringer i levevilkår, teknologi og produktion gennem tiderne.</li>



<li>Kulturer og kulturmøder i Europas og verdens historie.</li>
</ul>



<p>Herunder er der sat særligt fokus på, at den grønlandske historie, præsenteres objektivt og at det er eleven, som skal redegøre, analysere og diskutere ud fra et samtidigt perspektiv.</p>



<p>Derudover er det et valg at der findes lektier i forløbet, dette kan læreren tilpasse som ønsket.</p>


<script type="text/javascript">
document.addEventListener('DOMContentLoaded', function () {

  const linksToTrack = document.querySelectorAll('a.ressource-download');
  
  linksToTrack.forEach((linkToTrack) => {
    linkToTrack.addEventListener('click', function (event) {
      event.preventDefault();
      const href = this.href;
      fetch('/wp-admin/admin-ajax.php', {
        method: 'POST',
        credentials: 'same-origin',
        headers: {
          'Content-Type': 'application/x-www-form-urlencoded',
        },
        body: 'action=track_link_click&link_url=' + encodeURIComponent(href)
      }).then(response => response.text())
        .then(data => {
          window.location.href = href;
        });
    });
  });
});
</script>


<div id="downloads">
  <div class="downloads">
    <h2 class="h2">Hent materialer</h2>
    <div class="row">
               
        <div class="col-12">
          <a class="ressource-download cc" href="https://www.od.dk/wp-content/uploads/2023/08/Laerervejledning-Groenlands-historie.pdf" target="_blank">
            <i class="fa fa-download" aria-hidden="true"></i>
            Lærervejledning          </a>

                  </div>
                 
        <div class="col-12">
          <a class="ressource-download cc" href="https://www.od.dk/wp-content/uploads/2023/08/Elevhaefte.pdf" target="_blank">
            <i class="fa fa-download" aria-hidden="true"></i>
            Elevhæfte          </a>

                  </div>
                 
        <div class="col-12">
          <a class="ressource-download cc" href="https://www.od.dk/wp-content/uploads/2023/08/Sume-Qullissat.pdf" target="_blank">
            <i class="fa fa-download" aria-hidden="true"></i>
            Sume Qullissat          </a>

                  </div>
        </div>
</div>
</div>

<style>

    .download-count {
      font-size: .85rem;
      background-color: #f1f1f1;
      padding: 3px 10px;
      border-radius: 9999px;
      margin-left: 5px;
    }

</style>



<p></p>

<!-- This site is optimized with the Yoast SEO plugin v22.5 - https://yoast.com/wordpress/plugins/seo/ -->
<title>Grønland 2018 - Grønlands historie - Operation Dagsværk</title>
<meta name="robots" content="index, follow, max-snippet:-1, max-image-preview:large, max-video-preview:-1" />
<link rel="canonical" href="https://www.od.dk/?materialer=groenland-2018-groenlands-historie" />
<meta property="og:locale" content="da_DK" />
<meta property="og:type" content="article" />
<meta property="og:title" content="Grønland 2018 - Grønlands historie - Operation Dagsværk" />
<meta property="og:description" content="Siden koloniseringen af Grønland, har Danmark og Grønlands historie været uadskillelige. Alligevel har den fælles historie i en længere tid, været præget af uvidenhed fra dansk side. Denne uvidenhed er yderst problematisk, fordi det skaber &hellip;" />
<meta property="og:url" content="https://www.od.dk/?materialer=groenland-2018-groenlands-historie" />
<meta property="og:site_name" content="Operation Dagsværk" />
<meta property="article:modified_time" content="2023-08-24T10:47:07+00:00" />
<meta property="og:image" content="https://www.od.dk/wp-content/uploads/2023/08/OD_URK_GROeNLAND77.jpg" />
	<meta property="og:image:width" content="2002" />
	<meta property="og:image:height" content="2205" />
	<meta property="og:image:type" content="image/jpeg" />
<meta name="twitter:card" content="summary_large_image" />
<meta name="twitter:label1" content="Estimeret læsetid" />
	<meta name="twitter:data1" content="2 minutter" />
<script type="application/ld+json" class="yoast-schema-graph">{"@context":"https://schema.org","@graph":[{"@type":"WebPage","@id":"https://www.od.dk/?materialer=groenland-2018-groenlands-historie","url":"https://www.od.dk/?materialer=groenland-2018-groenlands-historie","name":"Grønland 2018 - Grønlands historie - Operation Dagsværk","isPartOf":{"@id":"https://www.od.dk/#website"},"primaryImageOfPage":{"@id":"https://www.od.dk/?materialer=groenland-2018-groenlands-historie#primaryimage"},"image":{"@id":"https://www.od.dk/?materialer=groenland-2018-groenlands-historie#primaryimage"},"thumbnailUrl":"https://www.od.dk/wp-content/uploads/2023/08/OD_URK_GROeNLAND77.jpg","datePublished":"2018-08-24T10:13:29+00:00","dateModified":"2023-08-24T10:47:07+00:00","breadcrumb":{"@id":"https://www.od.dk/?materialer=groenland-2018-groenlands-historie#breadcrumb"},"inLanguage":"da-DK","potentialAction":[{"@type":"ReadAction","target":["https://www.od.dk/?materialer=groenland-2018-groenlands-historie"]}]},{"@type":"ImageObject","inLanguage":"da-DK","@id":"https://www.od.dk/?materialer=groenland-2018-groenlands-historie#primaryimage","url":"https://www.od.dk/wp-content/uploads/2023/08/OD_URK_GROeNLAND77.jpg","contentUrl":"https://www.od.dk/wp-content/uploads/2023/08/OD_URK_GROeNLAND77.jpg","width":2002,"height":2205},{"@type":"BreadcrumbList","@id":"https://www.od.dk/?materialer=groenland-2018-groenlands-historie#breadcrumb","itemListElement":[{"@type":"ListItem","position":1,"name":"Forside","item":"https://www.od.dk/"},{"@type":"ListItem","position":2,"name":"Materialer","item":"https://www.od.dk/?post_type=materialer"},{"@type":"ListItem","position":3,"name":"Grønland 2018 &#8211; Grønlands historie"}]},{"@type":"WebSite","@id":"https://www.od.dk/#website","url":"https://www.od.dk/","name":"Operation Dagsværk","description":"Oplysning, stillingtagen, handling","alternateName":"OD","potentialAction":[{"@type":"SearchAction","target":{"@type":"EntryPoint","urlTemplate":"https://www.od.dk/?s={search_term_string}"},"query-input":"required name=search_term_string"}],"inLanguage":"da-DK"}]}</script>
<!-- / Yoast SEO plugin. -->

Grønland 2018 - Grønlands historie - Operation Dagsværk

Siden koloniseringen af Grønland, har Danmark og Grønlands historie været uadskillelige. Alligevel har den fælles historie i en længere tid, været præget af uvidenhed fra dansk side. Denne uvidenhed er yderst problematisk, fordi det skaber &hellip;

Operation Dagsværk
