{"id":129,"date":"2022-02-21T08:33:17","date_gmt":"2022-02-21T08:33:17","guid":{"rendered":"http:\/\/www.od.dk\/?page_id=129"},"modified":"2026-01-28T15:16:37","modified_gmt":"2026-01-28T14:16:37","slug":"kontakt","status":"publish","type":"page","link":"https:\/\/www.od.dk\/?page_id=129","title":{"rendered":"Kontakt"},"content":{"rendered":"\n<h2 class=\"wp-block-heading\" id=\"operation-dagsvaerk\"><strong>Operation Dagsv\u00e6rk<\/strong><\/h2>\n\n\n\n<p><\/p>\n\n\n\n<p>Studiestr\u00e6de 24, 3. th.<br>1455 K\u00f8benhavn K<\/p>\n\n\n\n<p><strong>SEKRETARIAT<\/strong><\/p>\n\n\n\n<p>Operations Dagsv\u00e6rks sekretariat i K\u00f8benhavn st\u00e5r for den daglige kontakt. Hos sekretariatet kan du f\u00e5 svar p\u00e5 dine sp\u00f8rgsm\u00e5l om Operation Dagsv\u00e6rk.<\/p>\n\n\n\n<p>Tlf: 33 11 45 40, mandag &#8211; fredag 10-16<br>P\u00e5 Dagsv\u00e6rkdagen er telefonerne \u00e5bne 7-18 <\/p>\n\n\n\n<p>Mail: od@od.dk<\/p>\n\n\n\n<p>SE\/CVR-nr.: 75753217<\/p>\n\n\n\n<p><\/p>\n\n\n\n<p><\/p>\n\n\n\n<p><\/p>\n","protected":false},"excerpt":{"rendered":"<p>Operation Dagsv\u00e6rk Studiestr\u00e6de 24, 3. th.1455 K\u00f8benhavn K SEKRETARIAT Operations Dagsv\u00e6rks sekretariat i K\u00f8benhavn st\u00e5r for den daglige kontakt. Hos sekretariatet kan du f\u00e5 svar p\u00e5 dine sp\u00f8rgsm\u00e5l om Operation Dagsv\u00e6rk. Tlf: 33 11 45 &hellip;<\/p>\n","protected":false},"author":1,"featured_media":0,"parent":0,"menu_order":0,"comment_status":"closed","ping_status":"closed","template":"","meta":{"footnotes":""},"acf":[],"yoast_head":"<!-- This site is optimized with the Yoast SEO plugin v22.5 - https:\/\/yoast.com\/wordpress\/plugins\/seo\/ -->\n<title>Kontakt - Operation Dagsv\u00e6rk<\/title>\n<meta name=\"description\" content=\"Sekretariatet i K\u00f8benhavn st\u00e5r for den daglige kontakt for organisationen. Skriv en mail til os eller ring for at f\u00e5 svar p\u00e5 dine sp\u00f8rgsm\u00e5l.\" \/>\n<meta name=\"robots\" content=\"index, follow, max-snippet:-1, max-image-preview:large, max-video-preview:-1\" \/>\n<link rel=\"canonical\" href=\"https:\/\/www.od.dk\/?page_id=129\" \/>\n<meta property=\"og:locale\" content=\"da_DK\" \/>\n<meta property=\"og:type\" content=\"article\" \/>\n<meta property=\"og:title\" content=\"Kontakt - Operation Dagsv\u00e6rk\" \/>\n<meta property=\"og:description\" content=\"Sekretariatet i K\u00f8benhavn st\u00e5r for den daglige kontakt for organisationen. Skriv en mail til os eller ring for at f\u00e5 svar p\u00e5 dine sp\u00f8rgsm\u00e5l.\" \/>\n<meta property=\"og:url\" content=\"https:\/\/www.od.dk\/?page_id=129\" \/>\n<meta property=\"og:site_name\" content=\"Operation Dagsv\u00e6rk\" \/>\n<meta property=\"article:modified_time\" content=\"2026-01-28T14:16:37+00:00\" \/>\n<meta name=\"twitter:card\" content=\"summary_large_image\" \/>\n<meta name=\"twitter:label1\" content=\"Estimeret l\u00e6setid\" \/>\n\t<meta name=\"twitter:data1\" content=\"1 minut\" \/>\n<script type=\"application\/ld+json\" class=\"yoast-schema-graph\">{\"@context\":\"https:\/\/schema.org\",\"@graph\":[{\"@type\":\"WebPage\",\"@id\":\"https:\/\/www.od.dk\/?page_id=129\",\"url\":\"https:\/\/www.od.dk\/?page_id=129\",\"name\":\"Kontakt - Operation Dagsv\u00e6rk\",\"isPartOf\":{\"@id\":\"https:\/\/www.od.dk\/#website\"},\"datePublished\":\"2022-02-21T08:33:17+00:00\",\"dateModified\":\"2026-01-28T14:16:37+00:00\",\"description\":\"Sekretariatet i K\u00f8benhavn st\u00e5r for den daglige kontakt for organisationen. Skriv en mail til os eller ring for at f\u00e5 svar p\u00e5 dine sp\u00f8rgsm\u00e5l.\",\"breadcrumb\":{\"@id\":\"https:\/\/www.od.dk\/?page_id=129#breadcrumb\"},\"inLanguage\":\"da-DK\",\"potentialAction\":[{\"@type\":\"ReadAction\",\"target\":[\"https:\/\/www.od.dk\/?page_id=129\"]}]},{\"@type\":\"BreadcrumbList\",\"@id\":\"https:\/\/www.od.dk\/?page_id=129#breadcrumb\",\"itemListElement\":[{\"@type\":\"ListItem\",\"position\":1,\"name\":\"Forside\",\"item\":\"https:\/\/www.od.dk\/\"},{\"@type\":\"ListItem\",\"position\":2,\"name\":\"Kontakt\"}]},{\"@type\":\"WebSite\",\"@id\":\"https:\/\/www.od.dk\/#website\",\"url\":\"https:\/\/www.od.dk\/\",\"name\":\"Operation Dagsv\u00e6rk\",\"description\":\"Oplysning, stillingtagen, handling\",\"alternateName\":\"OD\",\"potentialAction\":[{\"@type\":\"SearchAction\",\"target\":{\"@type\":\"EntryPoint\",\"urlTemplate\":\"https:\/\/www.od.dk\/?s={search_term_string}\"},\"query-input\":\"required name=search_term_string\"}],\"inLanguage\":\"da-DK\"}]}<\/script>\n<!-- \/ Yoast SEO plugin. -->","yoast_head_json":{"title":"Kontakt - Operation Dagsv\u00e6rk","description":"Sekretariatet i K\u00f8benhavn st\u00e5r for den daglige kontakt for organisationen. Skriv en mail til os eller ring for at f\u00e5 svar p\u00e5 dine sp\u00f8rgsm\u00e5l.","robots":{"index":"index","follow":"follow","max-snippet":"max-snippet:-1","max-image-preview":"max-image-preview:large","max-video-preview":"max-video-preview:-1"},"canonical":"https:\/\/www.od.dk\/?page_id=129","og_locale":"da_DK","og_type":"article","og_title":"Kontakt - Operation Dagsv\u00e6rk","og_description":"Sekretariatet i K\u00f8benhavn st\u00e5r for den daglige kontakt for organisationen. Skriv en mail til os eller ring for at f\u00e5 svar p\u00e5 dine sp\u00f8rgsm\u00e5l.","og_url":"https:\/\/www.od.dk\/?page_id=129","og_site_name":"Operation Dagsv\u00e6rk","article_modified_time":"2026-01-28T14:16:37+00:00","twitter_card":"summary_large_image","twitter_misc":{"Estimeret l\u00e6setid":"1 minut"},"schema":{"@context":"https:\/\/schema.org","@graph":[{"@type":"WebPage","@id":"https:\/\/www.od.dk\/?page_id=129","url":"https:\/\/www.od.dk\/?page_id=129","name":"Kontakt - Operation Dagsv\u00e6rk","isPartOf":{"@id":"https:\/\/www.od.dk\/#website"},"datePublished":"2022-02-21T08:33:17+00:00","dateModified":"2026-01-28T14:16:37+00:00","description":"Sekretariatet i K\u00f8benhavn st\u00e5r for den daglige kontakt for organisationen. Skriv en mail til os eller ring for at f\u00e5 svar p\u00e5 dine sp\u00f8rgsm\u00e5l.","breadcrumb":{"@id":"https:\/\/www.od.dk\/?page_id=129#breadcrumb"},"inLanguage":"da-DK","potentialAction":[{"@type":"ReadAction","target":["https:\/\/www.od.dk\/?page_id=129"]}]},{"@type":"BreadcrumbList","@id":"https:\/\/www.od.dk\/?page_id=129#breadcrumb","itemListElement":[{"@type":"ListItem","position":1,"name":"Forside","item":"https:\/\/www.od.dk\/"},{"@type":"ListItem","position":2,"name":"Kontakt"}]},{"@type":"WebSite","@id":"https:\/\/www.od.dk\/#website","url":"https:\/\/www.od.dk\/","name":"Operation Dagsv\u00e6rk","description":"Oplysning, stillingtagen, handling","alternateName":"OD","potentialAction":[{"@type":"SearchAction","target":{"@type":"EntryPoint","urlTemplate":"https:\/\/www.od.dk\/?s={search_term_string}"},"query-input":"required name=search_term_string"}],"inLanguage":"da-DK"}]}},"_links":{"self":[{"href":"https:\/\/www.od.dk\/index.php?rest_route=\/wp\/v2\/pages\/129"}],"collection":[{"href":"https:\/\/www.od.dk\/index.php?rest_route=\/wp\/v2\/pages"}],"about":[{"href":"https:\/\/www.od.dk\/index.php?rest_route=\/wp\/v2\/types\/page"}],"author":[{"embeddable":true,"href":"https:\/\/www.od.dk\/index.php?rest_route=\/wp\/v2\/users\/1"}],"replies":[{"embeddable":true,"href":"https:\/\/www.od.dk\/index.php?rest_route=%2Fwp%2Fv2%2Fcomments&post=129"}],"version-history":[{"count":12,"href":"https:\/\/www.od.dk\/index.php?rest_route=\/wp\/v2\/pages\/129\/revisions"}],"predecessor-version":[{"id":1952,"href":"https:\/\/www.od.dk\/index.php?rest_route=\/wp\/v2\/pages\/129\/revisions\/1952"}],"wp:attachment":[{"href":"https:\/\/www.od.dk\/index.php?rest_route=%2Fwp%2Fv2%2Fmedia&parent=129"}],"curies":[{"name":"wp","href":"https:\/\/api.w.org\/{rel}","templated":true}]}}