{"id":1982,"date":"2025-11-25T15:09:52","date_gmt":"2025-11-25T14:09:52","guid":{"rendered":"https:\/\/www.od.dk\/?page_id=1982"},"modified":"2026-03-31T15:08:45","modified_gmt":"2026-03-31T13:08:45","slug":"stoet-os","status":"publish","type":"page","link":"https:\/\/www.od.dk\/?page_id=1982","title":{"rendered":"Unge vil forandre verden &#8211; hj\u00e6lp dem med at g\u00f8re det!"},"content":{"rendered":"\n<p>Verden br\u00e6nder, men vi tror p\u00e5, at ungdommen kan g\u00f8re en forskel! <br><br>Med et m\u00e5nedligt eller \u00e5rligt st\u00f8ttemedlemskab kan du st\u00f8tte Operation Dagsv\u00e6rks globale solidaritetsarbejde.<\/p>\n\n\n\n<p>Se vores forskellige st\u00f8ttemedlemskaber herunder. <\/p>\n\n\n\n<p>Du kan st\u00f8tte helt <strong>ned til<\/strong> <strong>25,- om m\u00e5neden<\/strong> &#8211; en enkelt kop kaffe, som hj\u00e6lper med at holde vores daglige arbejde k\u00f8rende!<\/p>\n\n\n\n<div class=\"wp-block-buttons has-custom-font-size has-large-font-size is-layout-flex wp-block-buttons-is-layout-flex\">\n<div class=\"wp-block-button has-custom-font-size is-style-fill has-medium-font-size\"><a class=\"wp-block-button__link has-black-color has-text-color has-background has-link-color has-text-align-left wp-element-button\" href=\"https:\/\/www.od.dk\/?page_id=2007\" style=\"border-radius:54px;background-color:#d4b7f1\">M\u00c5NEDLIGT VOKSEN<strong> <\/strong>(27+)<\/a><\/div>\n<\/div>\n\n\n\n<p><\/p>\n\n\n\n<div class=\"wp-block-buttons is-layout-flex wp-block-buttons-is-layout-flex\">\n<div class=\"wp-block-button has-custom-font-size has-medium-font-size\"><a class=\"wp-block-button__link has-black-color has-text-color has-background has-link-color has-text-align-left wp-element-button\" href=\"https:\/\/www.od.dk\/?page_id=2010\" style=\"border-radius:100px;background-color:#d4b7f1\">M\u00c5NEDLIGT UNG<\/a><\/div>\n<\/div>\n\n\n\n<p><\/p>\n\n\n\n<div class=\"wp-block-buttons is-layout-flex wp-block-buttons-is-layout-flex\">\n<div class=\"wp-block-button has-custom-font-size has-medium-font-size\"><a class=\"wp-block-button__link has-black-color has-text-color has-background has-link-color wp-element-button\" href=\"https:\/\/www.od.dk\/?page_id=2012\" style=\"border-radius:100px;background-color:#d4b7f1\"><strong> <\/strong>\u00c5RLIGT MEDLEMSKAB<\/a><\/div>\n<\/div>\n\n\n\n<p><\/p>\n\n\n\n<div class=\"wp-block-buttons is-layout-flex wp-block-buttons-is-layout-flex\">\n<div class=\"wp-block-button has-custom-font-size has-medium-font-size\"><a class=\"wp-block-button__link has-black-color has-text-color has-background has-link-color wp-element-button\" href=\"https:\/\/www.od.dk\/?page_id=2155\" style=\"border-radius:100px;background-color:#d4b7f1\">VIRKSOMHED<\/a><\/div>\n<\/div>\n\n\n\n<p><\/p>\n\n\n\n<p>Hvis du vil l\u00e6se lidt mere om, hvad din st\u00f8tte g\u00e5r til, s\u00e5 kan du g\u00f8re det <a href=\"https:\/\/www.od.dk\/?page_id=2194\">her<\/a><\/p>\n\n\n\n<div class=\"wp-block-buttons is-layout-flex wp-block-buttons-is-layout-flex\"><\/div>\n\n\n\n<p><\/p>\n\n\n\n<p><\/p>\n\n\n\n<p><\/p>\n","protected":false},"excerpt":{"rendered":"<p>Verden br\u00e6nder, men vi tror p\u00e5, at ungdommen kan g\u00f8re en forskel! Med et m\u00e5nedligt eller \u00e5rligt st\u00f8ttemedlemskab kan du st\u00f8tte Operation Dagsv\u00e6rks globale solidaritetsarbejde. Se vores forskellige st\u00f8ttemedlemskaber herunder. Du kan st\u00f8tte helt ned &hellip;<\/p>\n","protected":false},"author":15,"featured_media":1573,"parent":0,"menu_order":0,"comment_status":"closed","ping_status":"closed","template":"","meta":{"footnotes":""},"acf":[],"yoast_head":"<!-- This site is optimized with the Yoast SEO plugin v22.5 - https:\/\/yoast.com\/wordpress\/plugins\/seo\/ -->\n<title>Unge vil forandre verden - hj\u00e6lp dem med at g\u00f8re det! - Operation Dagsv\u00e6rk<\/title>\n<meta name=\"description\" content=\"Som st\u00f8ttemedlem af Operation Dagsv\u00e6rk st\u00f8tter du vores arbejde for global solidaritet mellem unge. Se vores forskellige medlemskaber her.\" \/>\n<meta name=\"robots\" content=\"index, follow, max-snippet:-1, max-image-preview:large, max-video-preview:-1\" \/>\n<link rel=\"canonical\" href=\"https:\/\/www.od.dk\/?page_id=1982\" \/>\n<meta property=\"og:locale\" content=\"da_DK\" \/>\n<meta property=\"og:type\" content=\"article\" \/>\n<meta property=\"og:title\" content=\"Unge vil forandre verden - hj\u00e6lp dem med at g\u00f8re det! - Operation Dagsv\u00e6rk\" \/>\n<meta property=\"og:description\" content=\"Som st\u00f8ttemedlem af Operation Dagsv\u00e6rk st\u00f8tter du vores arbejde for global solidaritet mellem unge. Se vores forskellige medlemskaber her.\" \/>\n<meta property=\"og:url\" content=\"https:\/\/www.od.dk\/?page_id=1982\" \/>\n<meta property=\"og:site_name\" content=\"Operation Dagsv\u00e6rk\" \/>\n<meta property=\"article:modified_time\" content=\"2026-03-31T13:08:45+00:00\" \/>\n<meta property=\"og:image\" content=\"http:\/\/www.od.dk\/wp-content\/uploads\/2024\/05\/Frfivillige-samarbejde-5.jpg\" \/>\n\t<meta property=\"og:image:width\" content=\"2560\" \/>\n\t<meta property=\"og:image:height\" content=\"2560\" \/>\n\t<meta property=\"og:image:type\" content=\"image\/jpeg\" \/>\n<meta name=\"twitter:card\" content=\"summary_large_image\" \/>\n<meta name=\"twitter:label1\" content=\"Estimeret l\u00e6setid\" \/>\n\t<meta name=\"twitter:data1\" content=\"1 minut\" \/>\n<script type=\"application\/ld+json\" class=\"yoast-schema-graph\">{\"@context\":\"https:\/\/schema.org\",\"@graph\":[{\"@type\":\"WebPage\",\"@id\":\"https:\/\/www.od.dk\/?page_id=1982\",\"url\":\"https:\/\/www.od.dk\/?page_id=1982\",\"name\":\"Unge vil forandre verden - hj\u00e6lp dem med at g\u00f8re det! - Operation Dagsv\u00e6rk\",\"isPartOf\":{\"@id\":\"https:\/\/www.od.dk\/#website\"},\"primaryImageOfPage\":{\"@id\":\"https:\/\/www.od.dk\/?page_id=1982#primaryimage\"},\"image\":{\"@id\":\"https:\/\/www.od.dk\/?page_id=1982#primaryimage\"},\"thumbnailUrl\":\"https:\/\/www.od.dk\/wp-content\/uploads\/2024\/05\/Frfivillige-samarbejde-5.jpg\",\"datePublished\":\"2025-11-25T14:09:52+00:00\",\"dateModified\":\"2026-03-31T13:08:45+00:00\",\"description\":\"Som st\u00f8ttemedlem af Operation Dagsv\u00e6rk st\u00f8tter du vores arbejde for global solidaritet mellem unge. Se vores forskellige medlemskaber her.\",\"breadcrumb\":{\"@id\":\"https:\/\/www.od.dk\/?page_id=1982#breadcrumb\"},\"inLanguage\":\"da-DK\",\"potentialAction\":[{\"@type\":\"ReadAction\",\"target\":[\"https:\/\/www.od.dk\/?page_id=1982\"]}]},{\"@type\":\"ImageObject\",\"inLanguage\":\"da-DK\",\"@id\":\"https:\/\/www.od.dk\/?page_id=1982#primaryimage\",\"url\":\"https:\/\/www.od.dk\/wp-content\/uploads\/2024\/05\/Frfivillige-samarbejde-5.jpg\",\"contentUrl\":\"https:\/\/www.od.dk\/wp-content\/uploads\/2024\/05\/Frfivillige-samarbejde-5.jpg\",\"width\":2560,\"height\":2560,\"caption\":\"OD Dreamtown Zimbabwe\"},{\"@type\":\"BreadcrumbList\",\"@id\":\"https:\/\/www.od.dk\/?page_id=1982#breadcrumb\",\"itemListElement\":[{\"@type\":\"ListItem\",\"position\":1,\"name\":\"Forside\",\"item\":\"https:\/\/www.od.dk\/\"},{\"@type\":\"ListItem\",\"position\":2,\"name\":\"Unge vil forandre verden &#8211; hj\u00e6lp dem med at g\u00f8re det!\"}]},{\"@type\":\"WebSite\",\"@id\":\"https:\/\/www.od.dk\/#website\",\"url\":\"https:\/\/www.od.dk\/\",\"name\":\"Operation Dagsv\u00e6rk\",\"description\":\"Oplysning, stillingtagen, handling\",\"alternateName\":\"OD\",\"potentialAction\":[{\"@type\":\"SearchAction\",\"target\":{\"@type\":\"EntryPoint\",\"urlTemplate\":\"https:\/\/www.od.dk\/?s={search_term_string}\"},\"query-input\":\"required name=search_term_string\"}],\"inLanguage\":\"da-DK\"}]}<\/script>\n<!-- \/ Yoast SEO plugin. -->","yoast_head_json":{"title":"Unge vil forandre verden - hj\u00e6lp dem med at g\u00f8re det! - Operation Dagsv\u00e6rk","description":"Som st\u00f8ttemedlem af Operation Dagsv\u00e6rk st\u00f8tter du vores arbejde for global solidaritet mellem unge. Se vores forskellige medlemskaber her.","robots":{"index":"index","follow":"follow","max-snippet":"max-snippet:-1","max-image-preview":"max-image-preview:large","max-video-preview":"max-video-preview:-1"},"canonical":"https:\/\/www.od.dk\/?page_id=1982","og_locale":"da_DK","og_type":"article","og_title":"Unge vil forandre verden - hj\u00e6lp dem med at g\u00f8re det! - Operation Dagsv\u00e6rk","og_description":"Som st\u00f8ttemedlem af Operation Dagsv\u00e6rk st\u00f8tter du vores arbejde for global solidaritet mellem unge. Se vores forskellige medlemskaber her.","og_url":"https:\/\/www.od.dk\/?page_id=1982","og_site_name":"Operation Dagsv\u00e6rk","article_modified_time":"2026-03-31T13:08:45+00:00","og_image":[{"width":2560,"height":2560,"url":"http:\/\/www.od.dk\/wp-content\/uploads\/2024\/05\/Frfivillige-samarbejde-5.jpg","type":"image\/jpeg"}],"twitter_card":"summary_large_image","twitter_misc":{"Estimeret l\u00e6setid":"1 minut"},"schema":{"@context":"https:\/\/schema.org","@graph":[{"@type":"WebPage","@id":"https:\/\/www.od.dk\/?page_id=1982","url":"https:\/\/www.od.dk\/?page_id=1982","name":"Unge vil forandre verden - hj\u00e6lp dem med at g\u00f8re det! - Operation Dagsv\u00e6rk","isPartOf":{"@id":"https:\/\/www.od.dk\/#website"},"primaryImageOfPage":{"@id":"https:\/\/www.od.dk\/?page_id=1982#primaryimage"},"image":{"@id":"https:\/\/www.od.dk\/?page_id=1982#primaryimage"},"thumbnailUrl":"https:\/\/www.od.dk\/wp-content\/uploads\/2024\/05\/Frfivillige-samarbejde-5.jpg","datePublished":"2025-11-25T14:09:52+00:00","dateModified":"2026-03-31T13:08:45+00:00","description":"Som st\u00f8ttemedlem af Operation Dagsv\u00e6rk st\u00f8tter du vores arbejde for global solidaritet mellem unge. Se vores forskellige medlemskaber her.","breadcrumb":{"@id":"https:\/\/www.od.dk\/?page_id=1982#breadcrumb"},"inLanguage":"da-DK","potentialAction":[{"@type":"ReadAction","target":["https:\/\/www.od.dk\/?page_id=1982"]}]},{"@type":"ImageObject","inLanguage":"da-DK","@id":"https:\/\/www.od.dk\/?page_id=1982#primaryimage","url":"https:\/\/www.od.dk\/wp-content\/uploads\/2024\/05\/Frfivillige-samarbejde-5.jpg","contentUrl":"https:\/\/www.od.dk\/wp-content\/uploads\/2024\/05\/Frfivillige-samarbejde-5.jpg","width":2560,"height":2560,"caption":"OD Dreamtown Zimbabwe"},{"@type":"BreadcrumbList","@id":"https:\/\/www.od.dk\/?page_id=1982#breadcrumb","itemListElement":[{"@type":"ListItem","position":1,"name":"Forside","item":"https:\/\/www.od.dk\/"},{"@type":"ListItem","position":2,"name":"Unge vil forandre verden &#8211; hj\u00e6lp dem med at g\u00f8re det!"}]},{"@type":"WebSite","@id":"https:\/\/www.od.dk\/#website","url":"https:\/\/www.od.dk\/","name":"Operation Dagsv\u00e6rk","description":"Oplysning, stillingtagen, handling","alternateName":"OD","potentialAction":[{"@type":"SearchAction","target":{"@type":"EntryPoint","urlTemplate":"https:\/\/www.od.dk\/?s={search_term_string}"},"query-input":"required name=search_term_string"}],"inLanguage":"da-DK"}]}},"_links":{"self":[{"href":"https:\/\/www.od.dk\/index.php?rest_route=\/wp\/v2\/pages\/1982"}],"collection":[{"href":"https:\/\/www.od.dk\/index.php?rest_route=\/wp\/v2\/pages"}],"about":[{"href":"https:\/\/www.od.dk\/index.php?rest_route=\/wp\/v2\/types\/page"}],"author":[{"embeddable":true,"href":"https:\/\/www.od.dk\/index.php?rest_route=\/wp\/v2\/users\/15"}],"replies":[{"embeddable":true,"href":"https:\/\/www.od.dk\/index.php?rest_route=%2Fwp%2Fv2%2Fcomments&post=1982"}],"version-history":[{"count":29,"href":"https:\/\/www.od.dk\/index.php?rest_route=\/wp\/v2\/pages\/1982\/revisions"}],"predecessor-version":[{"id":2219,"href":"https:\/\/www.od.dk\/index.php?rest_route=\/wp\/v2\/pages\/1982\/revisions\/2219"}],"wp:featuredmedia":[{"embeddable":true,"href":"https:\/\/www.od.dk\/index.php?rest_route=\/wp\/v2\/media\/1573"}],"wp:attachment":[{"href":"https:\/\/www.od.dk\/index.php?rest_route=%2Fwp%2Fv2%2Fmedia&parent=1982"}],"curies":[{"name":"wp","href":"https:\/\/api.w.org\/{rel}","templated":true}]}}