{"id":2155,"date":"2026-03-10T13:53:04","date_gmt":"2026-03-10T12:53:04","guid":{"rendered":"https:\/\/www.od.dk\/?page_id=2155"},"modified":"2026-03-31T15:08:37","modified_gmt":"2026-03-31T13:08:37","slug":"bliv-virksomhedssponsor","status":"publish","type":"page","link":"https:\/\/www.od.dk\/?page_id=2155","title":{"rendered":"Bliv virksomhedssponsor"},"content":{"rendered":"\n<p>N\u00e5r I som virksomhed st\u00f8tter Operation Dagsv\u00e6rk, er I med til at bakke op om den unikke <strong>Dagsv\u00e6rkdag<\/strong> og de aktiviteter, vi laver for og med unge i hele verden. <\/p>\n\n\n\n<p>Samtidig giver I tusindvis af gymnasieelever mulighed for at komme i erhvervspraktik i virksomheder over hele landet, hvor l\u00f8nnen g\u00e5r direkte til et uddannelsesprojekt i det Globale Syd.<\/p>\n\n\n\n<p>Jeres st\u00f8tte er med til at styrke unges engagement og handlekraft \u2013 og bidrager til, at unge kan organisere sig og arbejde for en mere retf\u00e6rdig verden.<\/p>\n\n\n\n<p><\/p>\n\n\n\n<h2 class=\"wp-block-heading\">Forskellige virksomhedssponsorater<\/h2>\n\n\n\n<figure class=\"wp-block-image size-large\"><img loading=\"lazy\" decoding=\"async\" width=\"1024\" height=\"724\" src=\"https:\/\/www.od.dk\/wp-content\/uploads\/2026\/03\/Your-paragraph-text3-1024x724.png\" alt=\"\" class=\"wp-image-2162\" srcset=\"https:\/\/www.od.dk\/wp-content\/uploads\/2026\/03\/Your-paragraph-text3-1024x724.png 1024w, https:\/\/www.od.dk\/wp-content\/uploads\/2026\/03\/Your-paragraph-text3-300x212.png 300w, https:\/\/www.od.dk\/wp-content\/uploads\/2026\/03\/Your-paragraph-text3-768x543.png 768w, https:\/\/www.od.dk\/wp-content\/uploads\/2026\/03\/Your-paragraph-text3-1536x1086.png 1536w, https:\/\/www.od.dk\/wp-content\/uploads\/2026\/03\/Your-paragraph-text3.png 2000w\" sizes=\"(max-width: 1024px) 100vw, 1024px\" \/><\/figure>\n\n\n\n<h2 class=\"wp-block-heading\">En historisk ungdomsorganisation<\/h2>\n\n\n\n<p>Som OD-virksomhed,&nbsp; s\u00e5 underst\u00f8tter I vores arbejde, og vi tilbyder et partnerskab, hvor I bliver associeret med en ungdomsorganisation, der i generationer har mobiliseret et bredt udsnit af den danske ungdom.<\/p>\n\n\n\n<p>Operation Dagsv\u00e6rk er en af Danmarks mest kendte ungdomsorganisationer. Gennem generationer har tusindvis af danskere deltaget i Dagsv\u00e6rkdagen eller haft b\u00f8rn, der har v\u00e6ret en del af indsamlingen. Et samarbejde med Operation Dagsv\u00e6rk giver derfor h\u00f8j genkendelse, bred folkelig opbakning og en st\u00e6rk, trov\u00e6rdig profil.<\/p>\n\n\n\n<div class=\"faktaboks\">\n  <div class=\"color-box\"><\/div>\n  <p><!--more-->Vil din virksomhed st\u00f8tte? Ring eller skriv til Benedikte p\u00e5 mail: benedicte@od.dk<\/p>\n<\/div>\n","protected":false},"excerpt":{"rendered":"<p>N\u00e5r I som virksomhed st\u00f8tter Operation Dagsv\u00e6rk, er I med til at bakke op om den unikke Dagsv\u00e6rkdag og de aktiviteter, vi laver for og med unge i hele verden. Samtidig giver I tusindvis af &hellip;<\/p>\n","protected":false},"author":18,"featured_media":1574,"parent":0,"menu_order":0,"comment_status":"closed","ping_status":"closed","template":"","meta":{"footnotes":""},"acf":[],"yoast_head":"<!-- This site is optimized with the Yoast SEO plugin v22.5 - https:\/\/yoast.com\/wordpress\/plugins\/seo\/ -->\n<title>Bliv virksomhedssponsor - Operation Dagsv\u00e6rk<\/title>\n<meta name=\"robots\" content=\"index, follow, max-snippet:-1, max-image-preview:large, max-video-preview:-1\" \/>\n<link rel=\"canonical\" href=\"https:\/\/www.od.dk\/?page_id=2155\" \/>\n<meta property=\"og:locale\" content=\"da_DK\" \/>\n<meta property=\"og:type\" content=\"article\" \/>\n<meta property=\"og:title\" content=\"Bliv virksomhedssponsor - Operation Dagsv\u00e6rk\" \/>\n<meta property=\"og:description\" content=\"N\u00e5r I som virksomhed st\u00f8tter Operation Dagsv\u00e6rk, er I med til at bakke op om den unikke Dagsv\u00e6rkdag og de aktiviteter, vi laver for og med unge i hele verden. Samtidig giver I tusindvis af &hellip;\" \/>\n<meta property=\"og:url\" content=\"https:\/\/www.od.dk\/?page_id=2155\" \/>\n<meta property=\"og:site_name\" content=\"Operation Dagsv\u00e6rk\" \/>\n<meta property=\"article:modified_time\" content=\"2026-03-31T13:08:37+00:00\" \/>\n<meta property=\"og:image\" content=\"http:\/\/www.od.dk\/wp-content\/uploads\/2024\/05\/Frfivillige-samarbejde-5-1.jpg\" \/>\n\t<meta property=\"og:image:width\" content=\"2560\" \/>\n\t<meta property=\"og:image:height\" content=\"2132\" \/>\n\t<meta property=\"og:image:type\" content=\"image\/jpeg\" \/>\n<meta name=\"twitter:card\" content=\"summary_large_image\" \/>\n<meta name=\"twitter:label1\" content=\"Estimeret l\u00e6setid\" \/>\n\t<meta name=\"twitter:data1\" content=\"2 minutter\" \/>\n<script type=\"application\/ld+json\" class=\"yoast-schema-graph\">{\"@context\":\"https:\/\/schema.org\",\"@graph\":[{\"@type\":\"WebPage\",\"@id\":\"https:\/\/www.od.dk\/?page_id=2155\",\"url\":\"https:\/\/www.od.dk\/?page_id=2155\",\"name\":\"Bliv virksomhedssponsor - Operation Dagsv\u00e6rk\",\"isPartOf\":{\"@id\":\"https:\/\/www.od.dk\/#website\"},\"primaryImageOfPage\":{\"@id\":\"https:\/\/www.od.dk\/?page_id=2155#primaryimage\"},\"image\":{\"@id\":\"https:\/\/www.od.dk\/?page_id=2155#primaryimage\"},\"thumbnailUrl\":\"https:\/\/www.od.dk\/wp-content\/uploads\/2024\/05\/Frfivillige-samarbejde-5-1.jpg\",\"datePublished\":\"2026-03-10T12:53:04+00:00\",\"dateModified\":\"2026-03-31T13:08:37+00:00\",\"breadcrumb\":{\"@id\":\"https:\/\/www.od.dk\/?page_id=2155#breadcrumb\"},\"inLanguage\":\"da-DK\",\"potentialAction\":[{\"@type\":\"ReadAction\",\"target\":[\"https:\/\/www.od.dk\/?page_id=2155\"]}]},{\"@type\":\"ImageObject\",\"inLanguage\":\"da-DK\",\"@id\":\"https:\/\/www.od.dk\/?page_id=2155#primaryimage\",\"url\":\"https:\/\/www.od.dk\/wp-content\/uploads\/2024\/05\/Frfivillige-samarbejde-5-1.jpg\",\"contentUrl\":\"https:\/\/www.od.dk\/wp-content\/uploads\/2024\/05\/Frfivillige-samarbejde-5-1.jpg\",\"width\":2560,\"height\":2132,\"caption\":\"OD Dreamtown Zimbabwe\"},{\"@type\":\"BreadcrumbList\",\"@id\":\"https:\/\/www.od.dk\/?page_id=2155#breadcrumb\",\"itemListElement\":[{\"@type\":\"ListItem\",\"position\":1,\"name\":\"Forside\",\"item\":\"https:\/\/www.od.dk\/\"},{\"@type\":\"ListItem\",\"position\":2,\"name\":\"Bliv virksomhedssponsor\"}]},{\"@type\":\"WebSite\",\"@id\":\"https:\/\/www.od.dk\/#website\",\"url\":\"https:\/\/www.od.dk\/\",\"name\":\"Operation Dagsv\u00e6rk\",\"description\":\"Oplysning, stillingtagen, handling\",\"alternateName\":\"OD\",\"potentialAction\":[{\"@type\":\"SearchAction\",\"target\":{\"@type\":\"EntryPoint\",\"urlTemplate\":\"https:\/\/www.od.dk\/?s={search_term_string}\"},\"query-input\":\"required name=search_term_string\"}],\"inLanguage\":\"da-DK\"}]}<\/script>\n<!-- \/ Yoast SEO plugin. -->","yoast_head_json":{"title":"Bliv virksomhedssponsor - Operation Dagsv\u00e6rk","robots":{"index":"index","follow":"follow","max-snippet":"max-snippet:-1","max-image-preview":"max-image-preview:large","max-video-preview":"max-video-preview:-1"},"canonical":"https:\/\/www.od.dk\/?page_id=2155","og_locale":"da_DK","og_type":"article","og_title":"Bliv virksomhedssponsor - Operation Dagsv\u00e6rk","og_description":"N\u00e5r I som virksomhed st\u00f8tter Operation Dagsv\u00e6rk, er I med til at bakke op om den unikke Dagsv\u00e6rkdag og de aktiviteter, vi laver for og med unge i hele verden. Samtidig giver I tusindvis af &hellip;","og_url":"https:\/\/www.od.dk\/?page_id=2155","og_site_name":"Operation Dagsv\u00e6rk","article_modified_time":"2026-03-31T13:08:37+00:00","og_image":[{"width":2560,"height":2132,"url":"http:\/\/www.od.dk\/wp-content\/uploads\/2024\/05\/Frfivillige-samarbejde-5-1.jpg","type":"image\/jpeg"}],"twitter_card":"summary_large_image","twitter_misc":{"Estimeret l\u00e6setid":"2 minutter"},"schema":{"@context":"https:\/\/schema.org","@graph":[{"@type":"WebPage","@id":"https:\/\/www.od.dk\/?page_id=2155","url":"https:\/\/www.od.dk\/?page_id=2155","name":"Bliv virksomhedssponsor - Operation Dagsv\u00e6rk","isPartOf":{"@id":"https:\/\/www.od.dk\/#website"},"primaryImageOfPage":{"@id":"https:\/\/www.od.dk\/?page_id=2155#primaryimage"},"image":{"@id":"https:\/\/www.od.dk\/?page_id=2155#primaryimage"},"thumbnailUrl":"https:\/\/www.od.dk\/wp-content\/uploads\/2024\/05\/Frfivillige-samarbejde-5-1.jpg","datePublished":"2026-03-10T12:53:04+00:00","dateModified":"2026-03-31T13:08:37+00:00","breadcrumb":{"@id":"https:\/\/www.od.dk\/?page_id=2155#breadcrumb"},"inLanguage":"da-DK","potentialAction":[{"@type":"ReadAction","target":["https:\/\/www.od.dk\/?page_id=2155"]}]},{"@type":"ImageObject","inLanguage":"da-DK","@id":"https:\/\/www.od.dk\/?page_id=2155#primaryimage","url":"https:\/\/www.od.dk\/wp-content\/uploads\/2024\/05\/Frfivillige-samarbejde-5-1.jpg","contentUrl":"https:\/\/www.od.dk\/wp-content\/uploads\/2024\/05\/Frfivillige-samarbejde-5-1.jpg","width":2560,"height":2132,"caption":"OD Dreamtown Zimbabwe"},{"@type":"BreadcrumbList","@id":"https:\/\/www.od.dk\/?page_id=2155#breadcrumb","itemListElement":[{"@type":"ListItem","position":1,"name":"Forside","item":"https:\/\/www.od.dk\/"},{"@type":"ListItem","position":2,"name":"Bliv virksomhedssponsor"}]},{"@type":"WebSite","@id":"https:\/\/www.od.dk\/#website","url":"https:\/\/www.od.dk\/","name":"Operation Dagsv\u00e6rk","description":"Oplysning, stillingtagen, handling","alternateName":"OD","potentialAction":[{"@type":"SearchAction","target":{"@type":"EntryPoint","urlTemplate":"https:\/\/www.od.dk\/?s={search_term_string}"},"query-input":"required name=search_term_string"}],"inLanguage":"da-DK"}]}},"_links":{"self":[{"href":"https:\/\/www.od.dk\/index.php?rest_route=\/wp\/v2\/pages\/2155"}],"collection":[{"href":"https:\/\/www.od.dk\/index.php?rest_route=\/wp\/v2\/pages"}],"about":[{"href":"https:\/\/www.od.dk\/index.php?rest_route=\/wp\/v2\/types\/page"}],"author":[{"embeddable":true,"href":"https:\/\/www.od.dk\/index.php?rest_route=\/wp\/v2\/users\/18"}],"replies":[{"embeddable":true,"href":"https:\/\/www.od.dk\/index.php?rest_route=%2Fwp%2Fv2%2Fcomments&post=2155"}],"version-history":[{"count":26,"href":"https:\/\/www.od.dk\/index.php?rest_route=\/wp\/v2\/pages\/2155\/revisions"}],"predecessor-version":[{"id":2226,"href":"https:\/\/www.od.dk\/index.php?rest_route=\/wp\/v2\/pages\/2155\/revisions\/2226"}],"wp:featuredmedia":[{"embeddable":true,"href":"https:\/\/www.od.dk\/index.php?rest_route=\/wp\/v2\/media\/1574"}],"wp:attachment":[{"href":"https:\/\/www.od.dk\/index.php?rest_route=%2Fwp%2Fv2%2Fmedia&parent=2155"}],"curies":[{"name":"wp","href":"https:\/\/api.w.org\/{rel}","templated":true}]}}