{"id":260,"date":"2022-06-28T13:55:00","date_gmt":"2022-06-28T13:55:00","guid":{"rendered":"http:\/\/www.od.dk\/?page_id=260"},"modified":"2026-03-04T12:09:26","modified_gmt":"2026-03-04T11:09:26","slug":"arbejd-eller-hyr-en-elev-paa-dagsvaerkdagen","status":"publish","type":"page","link":"https:\/\/www.od.dk\/?page_id=260","title":{"rendered":"Arbejd eller hyr en elev p\u00e5 Dagsv\u00e6rkdagen"},"content":{"rendered":"\n<p>P\u00e5 Dagsv\u00e6rkdagen samler vi ind til et udviklingsprojekt, der st\u00f8tter unge gennem uddannelse. Vores m\u00e5de at samle ind p\u00e5 er helt unik. Elever fra hele landet tager en onsdag ud af deres skoleskema for i stedet at arbejde og donere de penge, de tjener.<\/p>\n\n\n\n<p>P\u00e5 <a href=\"http:\/\/arbejd.od.dk\" target=\"_blank\" rel=\"noreferrer noopener\">arbejd.od.dk<\/a> kan du som elev tilmelde dig Dagsv\u00e6rkdagen og finde et job i Jobbanken.<\/p>\n\n\n\n<p>Det er ogs\u00e5 p\u00e5 <a href=\"http:\/\/arbejd.od.dk\" target=\"_blank\" rel=\"noreferrer noopener\">arbejd.od.dk<\/a> du som arbejdsgiver kan sl\u00e5 et job op i Jobbanken.<\/p>\n\n\n\n<p>I menuen til h\u00f8jre kan du finde mere information om at arbejde p\u00e5 Dagsv\u00e6rkdagen og hyre elever.<\/p>\n\n\n\n<div class=\"wp-block-buttons is-layout-flex wp-block-buttons-is-layout-flex\">\n<div class=\"wp-block-button is-style-outline\"><a class=\"wp-block-button__link wp-element-button\" href=\"http:\/\/arbejd.od.dk\" target=\"_blank\" rel=\"noreferrer noopener\">Tag mig til arbejd.od.dk<\/a><\/div>\n<\/div>\n\n\n\n<div class=\"wp-block-group\"><div class=\"wp-block-group__inner-container is-layout-flow wp-block-group-is-layout-flow\">\n<div class=\"faktaboks\">\n  <div class=\"color-box\"><\/div>\n  <h4>Dagsv\u00e6rkdagen i 2026 er den 18. november<\/h4>\n<\/div>\n<\/div><\/div>\n\n\n\n<p><\/p>\n","protected":false},"excerpt":{"rendered":"<p>P\u00e5 Dagsv\u00e6rkdagen samler vi ind til et udviklingsprojekt, der st\u00f8tter unge gennem uddannelse. Vores m\u00e5de at samle ind p\u00e5 er helt unik. Elever fra hele landet tager en onsdag ud af deres skoleskema for i &hellip;<\/p>\n","protected":false},"author":1,"featured_media":457,"parent":0,"menu_order":0,"comment_status":"closed","ping_status":"closed","template":"","meta":{"footnotes":""},"acf":[],"yoast_head":"<!-- This site is optimized with the Yoast SEO plugin v22.5 - https:\/\/yoast.com\/wordpress\/plugins\/seo\/ -->\n<title>Arbejd eller hyr en elev p\u00e5 Dagsv\u00e6rkdagen - Operation Dagsv\u00e6rk<\/title>\n<meta name=\"robots\" content=\"index, follow, max-snippet:-1, max-image-preview:large, max-video-preview:-1\" \/>\n<link rel=\"canonical\" href=\"https:\/\/www.od.dk\/?page_id=260\" \/>\n<meta property=\"og:locale\" content=\"da_DK\" \/>\n<meta property=\"og:type\" content=\"article\" \/>\n<meta property=\"og:title\" content=\"Arbejd eller hyr en elev p\u00e5 Dagsv\u00e6rkdagen - Operation Dagsv\u00e6rk\" \/>\n<meta property=\"og:description\" content=\"P\u00e5 Dagsv\u00e6rkdagen samler vi ind til et udviklingsprojekt, der st\u00f8tter unge gennem uddannelse. Vores m\u00e5de at samle ind p\u00e5 er helt unik. Elever fra hele landet tager en onsdag ud af deres skoleskema for i &hellip;\" \/>\n<meta property=\"og:url\" content=\"https:\/\/www.od.dk\/?page_id=260\" \/>\n<meta property=\"og:site_name\" content=\"Operation Dagsv\u00e6rk\" \/>\n<meta property=\"article:modified_time\" content=\"2026-03-04T11:09:26+00:00\" \/>\n<meta property=\"og:image\" content=\"http:\/\/www.od.dk\/wp-content\/uploads\/2022\/09\/251873580_307359244453135_4021461251695304697_n-e1664545921674.jpg\" \/>\n\t<meta property=\"og:image:width\" content=\"4032\" \/>\n\t<meta property=\"og:image:height\" content=\"1784\" \/>\n\t<meta property=\"og:image:type\" content=\"image\/jpeg\" \/>\n<meta name=\"twitter:card\" content=\"summary_large_image\" \/>\n<meta name=\"twitter:label1\" content=\"Estimeret l\u00e6setid\" \/>\n\t<meta name=\"twitter:data1\" content=\"1 minut\" \/>\n<script type=\"application\/ld+json\" class=\"yoast-schema-graph\">{\"@context\":\"https:\/\/schema.org\",\"@graph\":[{\"@type\":\"WebPage\",\"@id\":\"https:\/\/www.od.dk\/?page_id=260\",\"url\":\"https:\/\/www.od.dk\/?page_id=260\",\"name\":\"Arbejd eller hyr en elev p\u00e5 Dagsv\u00e6rkdagen - Operation Dagsv\u00e6rk\",\"isPartOf\":{\"@id\":\"https:\/\/www.od.dk\/#website\"},\"primaryImageOfPage\":{\"@id\":\"https:\/\/www.od.dk\/?page_id=260#primaryimage\"},\"image\":{\"@id\":\"https:\/\/www.od.dk\/?page_id=260#primaryimage\"},\"thumbnailUrl\":\"https:\/\/www.od.dk\/wp-content\/uploads\/2022\/09\/251873580_307359244453135_4021461251695304697_n-e1664545921674.jpg\",\"datePublished\":\"2022-06-28T13:55:00+00:00\",\"dateModified\":\"2026-03-04T11:09:26+00:00\",\"breadcrumb\":{\"@id\":\"https:\/\/www.od.dk\/?page_id=260#breadcrumb\"},\"inLanguage\":\"da-DK\",\"potentialAction\":[{\"@type\":\"ReadAction\",\"target\":[\"https:\/\/www.od.dk\/?page_id=260\"]}]},{\"@type\":\"ImageObject\",\"inLanguage\":\"da-DK\",\"@id\":\"https:\/\/www.od.dk\/?page_id=260#primaryimage\",\"url\":\"https:\/\/www.od.dk\/wp-content\/uploads\/2022\/09\/251873580_307359244453135_4021461251695304697_n-e1664545921674.jpg\",\"contentUrl\":\"https:\/\/www.od.dk\/wp-content\/uploads\/2022\/09\/251873580_307359244453135_4021461251695304697_n-e1664545921674.jpg\",\"width\":4032,\"height\":1784},{\"@type\":\"BreadcrumbList\",\"@id\":\"https:\/\/www.od.dk\/?page_id=260#breadcrumb\",\"itemListElement\":[{\"@type\":\"ListItem\",\"position\":1,\"name\":\"Forside\",\"item\":\"https:\/\/www.od.dk\/\"},{\"@type\":\"ListItem\",\"position\":2,\"name\":\"Arbejd eller hyr en elev p\u00e5 Dagsv\u00e6rkdagen\"}]},{\"@type\":\"WebSite\",\"@id\":\"https:\/\/www.od.dk\/#website\",\"url\":\"https:\/\/www.od.dk\/\",\"name\":\"Operation Dagsv\u00e6rk\",\"description\":\"Oplysning, stillingtagen, handling\",\"alternateName\":\"OD\",\"potentialAction\":[{\"@type\":\"SearchAction\",\"target\":{\"@type\":\"EntryPoint\",\"urlTemplate\":\"https:\/\/www.od.dk\/?s={search_term_string}\"},\"query-input\":\"required name=search_term_string\"}],\"inLanguage\":\"da-DK\"}]}<\/script>\n<!-- \/ Yoast SEO plugin. -->","yoast_head_json":{"title":"Arbejd eller hyr en elev p\u00e5 Dagsv\u00e6rkdagen - Operation Dagsv\u00e6rk","robots":{"index":"index","follow":"follow","max-snippet":"max-snippet:-1","max-image-preview":"max-image-preview:large","max-video-preview":"max-video-preview:-1"},"canonical":"https:\/\/www.od.dk\/?page_id=260","og_locale":"da_DK","og_type":"article","og_title":"Arbejd eller hyr en elev p\u00e5 Dagsv\u00e6rkdagen - Operation Dagsv\u00e6rk","og_description":"P\u00e5 Dagsv\u00e6rkdagen samler vi ind til et udviklingsprojekt, der st\u00f8tter unge gennem uddannelse. Vores m\u00e5de at samle ind p\u00e5 er helt unik. Elever fra hele landet tager en onsdag ud af deres skoleskema for i &hellip;","og_url":"https:\/\/www.od.dk\/?page_id=260","og_site_name":"Operation Dagsv\u00e6rk","article_modified_time":"2026-03-04T11:09:26+00:00","og_image":[{"width":4032,"height":1784,"url":"http:\/\/www.od.dk\/wp-content\/uploads\/2022\/09\/251873580_307359244453135_4021461251695304697_n-e1664545921674.jpg","type":"image\/jpeg"}],"twitter_card":"summary_large_image","twitter_misc":{"Estimeret l\u00e6setid":"1 minut"},"schema":{"@context":"https:\/\/schema.org","@graph":[{"@type":"WebPage","@id":"https:\/\/www.od.dk\/?page_id=260","url":"https:\/\/www.od.dk\/?page_id=260","name":"Arbejd eller hyr en elev p\u00e5 Dagsv\u00e6rkdagen - Operation Dagsv\u00e6rk","isPartOf":{"@id":"https:\/\/www.od.dk\/#website"},"primaryImageOfPage":{"@id":"https:\/\/www.od.dk\/?page_id=260#primaryimage"},"image":{"@id":"https:\/\/www.od.dk\/?page_id=260#primaryimage"},"thumbnailUrl":"https:\/\/www.od.dk\/wp-content\/uploads\/2022\/09\/251873580_307359244453135_4021461251695304697_n-e1664545921674.jpg","datePublished":"2022-06-28T13:55:00+00:00","dateModified":"2026-03-04T11:09:26+00:00","breadcrumb":{"@id":"https:\/\/www.od.dk\/?page_id=260#breadcrumb"},"inLanguage":"da-DK","potentialAction":[{"@type":"ReadAction","target":["https:\/\/www.od.dk\/?page_id=260"]}]},{"@type":"ImageObject","inLanguage":"da-DK","@id":"https:\/\/www.od.dk\/?page_id=260#primaryimage","url":"https:\/\/www.od.dk\/wp-content\/uploads\/2022\/09\/251873580_307359244453135_4021461251695304697_n-e1664545921674.jpg","contentUrl":"https:\/\/www.od.dk\/wp-content\/uploads\/2022\/09\/251873580_307359244453135_4021461251695304697_n-e1664545921674.jpg","width":4032,"height":1784},{"@type":"BreadcrumbList","@id":"https:\/\/www.od.dk\/?page_id=260#breadcrumb","itemListElement":[{"@type":"ListItem","position":1,"name":"Forside","item":"https:\/\/www.od.dk\/"},{"@type":"ListItem","position":2,"name":"Arbejd eller hyr en elev p\u00e5 Dagsv\u00e6rkdagen"}]},{"@type":"WebSite","@id":"https:\/\/www.od.dk\/#website","url":"https:\/\/www.od.dk\/","name":"Operation Dagsv\u00e6rk","description":"Oplysning, stillingtagen, handling","alternateName":"OD","potentialAction":[{"@type":"SearchAction","target":{"@type":"EntryPoint","urlTemplate":"https:\/\/www.od.dk\/?s={search_term_string}"},"query-input":"required name=search_term_string"}],"inLanguage":"da-DK"}]}},"_links":{"self":[{"href":"https:\/\/www.od.dk\/index.php?rest_route=\/wp\/v2\/pages\/260"}],"collection":[{"href":"https:\/\/www.od.dk\/index.php?rest_route=\/wp\/v2\/pages"}],"about":[{"href":"https:\/\/www.od.dk\/index.php?rest_route=\/wp\/v2\/types\/page"}],"author":[{"embeddable":true,"href":"https:\/\/www.od.dk\/index.php?rest_route=\/wp\/v2\/users\/1"}],"replies":[{"embeddable":true,"href":"https:\/\/www.od.dk\/index.php?rest_route=%2Fwp%2Fv2%2Fcomments&post=260"}],"version-history":[{"count":20,"href":"https:\/\/www.od.dk\/index.php?rest_route=\/wp\/v2\/pages\/260\/revisions"}],"predecessor-version":[{"id":2154,"href":"https:\/\/www.od.dk\/index.php?rest_route=\/wp\/v2\/pages\/260\/revisions\/2154"}],"wp:featuredmedia":[{"embeddable":true,"href":"https:\/\/www.od.dk\/index.php?rest_route=\/wp\/v2\/media\/457"}],"wp:attachment":[{"href":"https:\/\/www.od.dk\/index.php?rest_route=%2Fwp%2Fv2%2Fmedia&parent=260"}],"curies":[{"name":"wp","href":"https:\/\/api.w.org\/{rel}","templated":true}]}}

Arbejd eller hyr en elev på Dagsværkdagen

<p>På Dagsværkdagen samler vi ind til et udviklingsprojekt, der støtter unge gennem uddannelse. Vores måde at samle ind på er helt unik. Elever fra hele landet tager en onsdag ud af deres skoleskema for i stedet at arbejde og donere de penge, de tjener.</p>



<p>På <a href="http://arbejd.od.dk" target="_blank" rel="noreferrer noopener">arbejd.od.dk</a> kan du som elev tilmelde dig Dagsværkdagen og finde et job i Jobbanken.</p>



<p>Det er også på <a href="http://arbejd.od.dk" target="_blank" rel="noreferrer noopener">arbejd.od.dk</a> du som arbejdsgiver kan slå et job op i Jobbanken.</p>



<p>I menuen til højre kan du finde mere information om at arbejde på Dagsværkdagen og hyre elever.</p>



<div class="wp-block-buttons is-layout-flex wp-block-buttons-is-layout-flex">
<div class="wp-block-button is-style-outline"><a class="wp-block-button__link wp-element-button" href="http://arbejd.od.dk" target="_blank" rel="noreferrer noopener">Tag mig til arbejd.od.dk</a></div>
</div>



<div class="wp-block-group"><div class="wp-block-group__inner-container is-layout-flow wp-block-group-is-layout-flow">
<div class="faktaboks">
  <div class="color-box"></div>
  <h4>Dagsværkdagen i 2026 er den 18. november</h4>
</div>
</div></div>



<p></p>

<p>På Dagsværkdagen samler vi ind til et udviklingsprojekt, der støtter unge gennem uddannelse. Vores måde at samle ind på er helt unik. Elever fra hele landet tager en onsdag ud af deres skoleskema for i &hellip;</p>

<!-- This site is optimized with the Yoast SEO plugin v22.5 - https://yoast.com/wordpress/plugins/seo/ -->
<title>Arbejd eller hyr en elev på Dagsværkdagen - Operation Dagsværk</title>
<meta name="robots" content="index, follow, max-snippet:-1, max-image-preview:large, max-video-preview:-1" />
<link rel="canonical" href="https://www.od.dk/?page_id=260" />
<meta property="og:locale" content="da_DK" />
<meta property="og:type" content="article" />
<meta property="og:title" content="Arbejd eller hyr en elev på Dagsværkdagen - Operation Dagsværk" />
<meta property="og:description" content="På Dagsværkdagen samler vi ind til et udviklingsprojekt, der støtter unge gennem uddannelse. Vores måde at samle ind på er helt unik. Elever fra hele landet tager en onsdag ud af deres skoleskema for i &hellip;" />
<meta property="og:url" content="https://www.od.dk/?page_id=260" />
<meta property="og:site_name" content="Operation Dagsværk" />
<meta property="article:modified_time" content="2026-03-04T11:09:26+00:00" />
<meta property="og:image" content="http://www.od.dk/wp-content/uploads/2022/09/251873580_307359244453135_4021461251695304697_n-e1664545921674.jpg" />
	<meta property="og:image:width" content="4032" />
	<meta property="og:image:height" content="1784" />
	<meta property="og:image:type" content="image/jpeg" />
<meta name="twitter:card" content="summary_large_image" />
<meta name="twitter:label1" content="Estimeret læsetid" />
	<meta name="twitter:data1" content="1 minut" />
<script type="application/ld+json" class="yoast-schema-graph">{"@context":"https://schema.org","@graph":[{"@type":"WebPage","@id":"https://www.od.dk/?page_id=260","url":"https://www.od.dk/?page_id=260","name":"Arbejd eller hyr en elev på Dagsværkdagen - Operation Dagsværk","isPartOf":{"@id":"https://www.od.dk/#website"},"primaryImageOfPage":{"@id":"https://www.od.dk/?page_id=260#primaryimage"},"image":{"@id":"https://www.od.dk/?page_id=260#primaryimage"},"thumbnailUrl":"https://www.od.dk/wp-content/uploads/2022/09/251873580_307359244453135_4021461251695304697_n-e1664545921674.jpg","datePublished":"2022-06-28T13:55:00+00:00","dateModified":"2026-03-04T11:09:26+00:00","breadcrumb":{"@id":"https://www.od.dk/?page_id=260#breadcrumb"},"inLanguage":"da-DK","potentialAction":[{"@type":"ReadAction","target":["https://www.od.dk/?page_id=260"]}]},{"@type":"ImageObject","inLanguage":"da-DK","@id":"https://www.od.dk/?page_id=260#primaryimage","url":"https://www.od.dk/wp-content/uploads/2022/09/251873580_307359244453135_4021461251695304697_n-e1664545921674.jpg","contentUrl":"https://www.od.dk/wp-content/uploads/2022/09/251873580_307359244453135_4021461251695304697_n-e1664545921674.jpg","width":4032,"height":1784},{"@type":"BreadcrumbList","@id":"https://www.od.dk/?page_id=260#breadcrumb","itemListElement":[{"@type":"ListItem","position":1,"name":"Forside","item":"https://www.od.dk/"},{"@type":"ListItem","position":2,"name":"Arbejd eller hyr en elev på Dagsværkdagen"}]},{"@type":"WebSite","@id":"https://www.od.dk/#website","url":"https://www.od.dk/","name":"Operation Dagsværk","description":"Oplysning, stillingtagen, handling","alternateName":"OD","potentialAction":[{"@type":"SearchAction","target":{"@type":"EntryPoint","urlTemplate":"https://www.od.dk/?s={search_term_string}"},"query-input":"required name=search_term_string"}],"inLanguage":"da-DK"}]}</script>
<!-- / Yoast SEO plugin. -->

Arbejd eller hyr en elev på Dagsværkdagen - Operation Dagsværk

På Dagsværkdagen samler vi ind til et udviklingsprojekt, der støtter unge gennem uddannelse. Vores måde at samle ind på er helt unik. Elever fra hele landet tager en onsdag ud af deres skoleskema for i &hellip;

Operation Dagsværk
