{"id":312,"date":"2022-07-03T14:04:17","date_gmt":"2022-07-03T14:04:17","guid":{"rendered":"http:\/\/www.od.dk\/?page_id=312"},"modified":"2026-04-24T12:52:20","modified_gmt":"2026-04-24T10:52:20","slug":"projektstillere","status":"publish","type":"page","link":"https:\/\/www.od.dk\/?page_id=312","title":{"rendered":"PROJEKTPARTNERE"},"content":{"rendered":"\n<p><\/p>\n\n\n\n<h2 class=\"wp-block-heading\"><strong>Har I lyst til at v\u00e6re samarbejdspartner med Operation Dagsv\u00e6rk for kampagnen 2027 og projektimplementering derefter?<\/strong><\/h2>\n\n\n\n<p><\/p>\n\n\n\n<p>Hvert \u00e5r starter Operation Dagsv\u00e6rk (OD) et&nbsp;nyt partnerskab med form\u00e5let at skabe en oplysning og engagements kampagne m\u00e5lrettet unge i Danmark og&nbsp;indsamle midler til at st\u00f8tte partnernes arbejde de efterf\u00f8lgende \u00e5r. Partnerskabet skal inkludere mindst \u00e9n civilsamfundsorganisation&nbsp;i Danmark og en&nbsp;eller flere civilsamfundsorganisationer andre steder&nbsp;i verden. OD \u00f8nsker at samarbejde med&nbsp;organisationer, hvis arbejde er forankret i <strong>unges egne visioner og id\u00e9er<\/strong>, st\u00f8tter <strong>eksisterende m\u00e5der unge organiserer sig<\/strong>, giver mulighed for at en <strong>bred gruppe unge&nbsp;kan&nbsp;deltage<\/strong>, bygger p\u00e5&nbsp;<strong>lokal viden,&nbsp;l\u00f8sninger og analyser<\/strong> og&nbsp;er <strong>b\u00e6redygtigt arbejde<\/strong>, der bidrager til langsigtede forandringer. OD&#8217;s&nbsp;partnerskab bygger p\u00e5 at skabe relationer mellem unge p\u00e5 tv\u00e6rs&nbsp;af gr\u00e6nser og&nbsp;bygge solidaritet mellem unge i lyset af de&nbsp;mange globale kriser, vores generation er betinget af. OD giver muligheden for at&nbsp;skabe en unik kampagne baseret p\u00e5 unges samskabelse p\u00e5 tv\u00e6rs af gr\u00e6nser, som vil n\u00e5 bredt ud&nbsp;til de unge i Danmark, med henblik p\u00e5 at motivere danske unge til at&nbsp;tage handling og indsamle penge til at st\u00f8tte partneres arbejde.<\/p>\n\n\n\n<p>Er I interesserede i at blive OD&#8217;s n\u00e6ste partnere &#8211; s\u00e5 kan I finde vores krav til samarbejdspartnere, principper for OD&#8217;s arbejde, ans\u00f8gningsskema og en engelsk forklaring af vores samarbejder nederst p\u00e5 siden.<\/p>\n\n\n\n<h2 class=\"wp-block-heading\">Hvordan v\u00e6lger vi vores partnere?<\/h2>\n\n\n\n<p>Operation Dagsv\u00e6rk er en elevbev\u00e6gelse og derfor er vores ans\u00f8gningsproces ogs\u00e5 lidt anderledes end man kender fra andre fonde og puljer. Kernen af vores organisation er at unge i f\u00e6llesskab handler og tager ejerskab i forhold til den verden, det g\u00f8r de ved selv at indsamle midler i solidaritet med unge et andet sted i verden. Vi er elevernes organisation, det er dem der handler p\u00e5 Dagsv\u00e6rkdagen og derfor ogs\u00e5 dem, der v\u00e6lger hvilket partnerskab de gerne vil arbejde med og hvilket projekt de gerne vil st\u00f8tte. <\/p>\n\n\n\n<p>Projektvalget foreg\u00e5r over to valgrunder den f\u00f8rste foreg\u00e5r p\u00e5 et m\u00f8de for de aktive elever i dagsv\u00e6rkgrupperne, her udv\u00e6lges tre af de indkomne forslag. Anden valgrunde foreg\u00e5r ude p\u00e5 vores medlemsskoler hvor eleverne stemmer mellem forslagene &#8211; det partnerskab og projekt, der f\u00e5r flest stemmer p\u00e5 tv\u00e6rs af medlemsskolerne bliver centrum for vores kampagnesamarbejde \u00e5ret efter.<\/p>\n\n\n\n<p><strong>Oversigt over datoer for projektvalget 2026:<\/strong><\/p>\n\n\n\n<ul>\n<li><strong>Torsdag d. 28. maj 2026 kl. 15.00: <\/strong>Informationsm\u00f8de om projektvalget og OD&#8217;s partnerskaber (tilmelding til projektkoordinator@od.dk).<\/li>\n\n\n\n<li><strong>Fredag d. 28. august 2026 kl. 23.59: <\/strong>Deadline for indsendelse af ans\u00f8gning om partnerskab.<\/li>\n\n\n\n<li><strong>Weekenden 25.-27. september 2026 (tbc): <\/strong>F\u00f8rste projektvalgsrunde p\u00e5 Operation Dagsv\u00e6rks nationale Kampagneweekend.<\/li>\n\n\n\n<li><strong>23. November &#8211; 4. December 2026: <\/strong>Det endelige projektvalg blandt eleverne p\u00e5 Operation Dagsv\u00e6rks medlemsskoler.<\/li>\n<\/ul>\n\n\n\n<h2 class=\"wp-block-heading\">Partnerskabet med Operation Dagsv\u00e6rk<\/h2>\n\n\n\n<p><strong>KAMPAGNE\u00c5RET<\/strong> <\/p>\n\n\n\n<p>Efter de nye samarbejdspartnere er valgt i december starter vi med at lave aftaler for samarbejdet og udvikle kampagnen &#8211; kalender\u00e5ret, der begynder i januar umiddelbart efter projektvalget, kalder vi for kampagne\u00e5ret. Gennem hele dette \u00e5r frivillige fra OD og&nbsp;unge fra den lokale partner samarbejde om at skabe en informations- og engangskampagne. Dette sker gennem udvekslingsbes\u00f8g, hvor forskellige materialer som film, plakater, klisterm\u00e6rker, SoMe-indhold, undervisningsmaterialer, en pr\u00e6sentation og meget mere udvikles. Typisk vil&nbsp;OD-teamet og den danske partner bes\u00f8ge den lokale partner i l\u00f8bet af for\u00e5ret, fokus p\u00e5 denne rejse er at producere informationsmateriale og visuelt materiale om konteksten og arbejdet hos den lokale partner. I l\u00f8bet af efter\u00e5ret vil unge fra partnerorganisationen derimod bes\u00f8ge Danmark, da det&nbsp;er tidspunktet hvor kampagnen for alvor kommer ud og leve p\u00e5 skoler og blandt eleverne. Under dette bes\u00f8g vil unge fra partnerorganisationen sammen med Operation Dagsv\u00e6rks frivillige&nbsp;tage rundt p\u00e5&nbsp;skolerne for forklare deres arbejde og hvorfor det er vigtigt,  afholde events og andre aktiviteter, der besluttes i f\u00e6llesskab. Det er ogs\u00e5 i l\u00f8bet af efter\u00e5ret at&nbsp;Dagsv\u00e6rkdagen finder sted i november. Den&nbsp;specifikke&nbsp;plan for udvekslingsbes\u00f8g, hvor og hvor mange&nbsp;besluttes mellem partnerne for hver kampagne. Ud over&nbsp;udvekslingsbes\u00f8gene vil samarbejdet mellem de unge ogs\u00e5 ske&nbsp;gennem virtuelle m\u00f8der, hvor de kan udvikle mindre arrangementer og initiativer, der skal indg\u00e5 i&nbsp;kampagnen.<\/p>\n\n\n\n<p><strong>EFTER DAGSV\u00c6RKDAGEN OG DET FORTSATTE SAMARBEJDE<\/strong><\/p>\n\n\n\n<p>Efter Dagsv\u00e6rkdagen forts\u00e6tter samarbejdet, mens de indtjente penge bruges til at st\u00f8tte arbejdet hos&nbsp;den lokale partner og implementere deres&nbsp;aktiviteter. De frivillige fra OD og den lokale partner vil fortsat have onlinem\u00f8der og skabe&nbsp;initiativer&nbsp;i Danmark for at forst\u00e6rke stemmer og budskaber fra partneren&nbsp;og dele deres arbejde \u2013&nbsp;dog i en anden skala end kampagnen, da OD&#8217;s&nbsp;frivillige gruppe&nbsp;ikke l\u00e6ngere vil&nbsp;v\u00e6re engagere sig fuldtid (som de g\u00f8r under kampagne\u00e5ret). De pr\u00e6cise roller&nbsp;for de forskellige organisationer i&nbsp;partnerskabet vil blive besluttet efter kampagne\u00e5ret og tilpasses til det&nbsp;eksisterende arbejde og&nbsp;samarbejde mellem den&nbsp;danske og lokale partner,&nbsp;og&nbsp;inkluderer OD og frivillige. Tidsrammen vil ogs\u00e5 blive besluttet afh\u00e6ngigt af m\u00e6ngden&nbsp;af indsamlede midler og arbejdsgangen hos&nbsp;den lokale partner. Det er ogs\u00e5 almindeligt, at yderligere bes\u00f8g&nbsp;planl\u00e6gges gennem&nbsp;denne periode for at holde relationer og samarbejde ogs\u00e5 i det fysiske rum.<\/p>\n\n\n\n<p><strong>Hvis I vil vide mere om projektvalget<\/strong>, har I sp\u00f8rgsm\u00e5l eller brug for sparring er I altid velkomne til at kontakte Operation Dagsv\u00e6rks international projektkoordinator Frida p\u00e5 mail: projektkoordinator@od.dk eller telefon: 21 86 97 31 \/ 33 11 45 40<\/p>\n\n\n<script type=\"text\/javascript\">\ndocument.addEventListener('DOMContentLoaded', function () {\n\n  const linksToTrack = document.querySelectorAll('a.ressource-download');\n  \n  linksToTrack.forEach((linkToTrack) => {\n    linkToTrack.addEventListener('click', function (event) {\n      event.preventDefault();\n      const href = this.href;\n      fetch('\/wp-admin\/admin-ajax.php', {\n        method: 'POST',\n        credentials: 'same-origin',\n        headers: {\n          'Content-Type': 'application\/x-www-form-urlencoded',\n        },\n        body: 'action=track_link_click&link_url=' + encodeURIComponent(href)\n      }).then(response => response.text())\n        .then(data => {\n          window.location.href = href;\n        });\n    });\n  });\n});\n<\/script>\n\n\n<div id=\"downloads\">\n  <div class=\"downloads\">\n    <h2 class=\"h2\">Dokumenter<\/h2>\n    <div class=\"row\">\n               \n        <div class=\"col-12\">\n          <a class=\"ressource-download cc\" href=\"https:\/\/www.od.dk\/wp-content\/uploads\/2026\/02\/Principper-og-kriterier-for-samarbejdspartnere-og-deres-arbejde.pdf\" target=\"_blank\">\n            <i class=\"fa fa-download\" aria-hidden=\"true\"><\/i>\n            OD&#8217;s holdning og krav til samarbejdspartnere og deres arbejde          <\/a>\n\n                  <\/div>\n                 \n        <div class=\"col-12\">\n          <a class=\"ressource-download cc\" href=\"https:\/\/www.od.dk\/wp-content\/uploads\/2022\/10\/1.-Principper-for-ODs-arbejde.pdf\" target=\"_blank\">\n            <i class=\"fa fa-download\" aria-hidden=\"true\"><\/i>\n            Principper for OD&#8217;s arbejde          <\/a>\n\n                  <\/div>\n                 \n        <div class=\"col-12\">\n          <a class=\"ressource-download cc\" href=\"https:\/\/www.od.dk\/wp-content\/uploads\/2026\/03\/Ansoegningsskema-Partnerskab-med-Operation-Dagsvaerk.docx\" target=\"_blank\">\n            <i class=\"fa fa-download\" aria-hidden=\"true\"><\/i>\n            Ans\u00f8gningsskema &#8211; Partnerskab med Operation Dagsv\u00e6rk          <\/a>\n\n                  <\/div>\n                 \n        <div class=\"col-12\">\n          <a class=\"ressource-download cc\" href=\"https:\/\/www.od.dk\/wp-content\/uploads\/2026\/03\/Operation-Dagsvaerk-partnerships-and-partnership-selection-English.pdf\" target=\"_blank\">\n            <i class=\"fa fa-download\" aria-hidden=\"true\"><\/i>\n            OD&#8217;s partnerships and partnership selection (english)          <\/a>\n\n                  <\/div>\n        <\/div>\n<\/div>\n<\/div>\n\n<style>\n\n    .download-count {\n      font-size: .85rem;\n      background-color: #f1f1f1;\n      padding: 3px 10px;\n      border-radius: 9999px;\n      margin-left: 5px;\n    }\n\n<\/style>\n\n\n\n<h2 class=\"wp-block-heading\"><\/h2>\n","protected":false},"excerpt":{"rendered":"<p>Har I lyst til at v\u00e6re samarbejdspartner med Operation Dagsv\u00e6rk for kampagnen 2027 og projektimplementering derefter? Hvert \u00e5r starter Operation Dagsv\u00e6rk (OD) et&nbsp;nyt partnerskab med form\u00e5let at skabe en oplysning og engagements kampagne m\u00e5lrettet unge &hellip;<\/p>\n","protected":false},"author":1,"featured_media":37,"parent":0,"menu_order":0,"comment_status":"closed","ping_status":"closed","template":"","meta":{"footnotes":""},"acf":[],"yoast_head":"<!-- This site is optimized with the Yoast SEO plugin v22.5 - https:\/\/yoast.com\/wordpress\/plugins\/seo\/ -->\n<title>PROJEKTPARTNERE - Operation Dagsv\u00e6rk<\/title>\n<meta name=\"robots\" content=\"index, follow, max-snippet:-1, max-image-preview:large, max-video-preview:-1\" \/>\n<link rel=\"canonical\" href=\"https:\/\/www.od.dk\/?page_id=312\" \/>\n<meta property=\"og:locale\" content=\"da_DK\" \/>\n<meta property=\"og:type\" content=\"article\" \/>\n<meta property=\"og:title\" content=\"PROJEKTPARTNERE - Operation Dagsv\u00e6rk\" \/>\n<meta property=\"og:description\" content=\"Har I lyst til at v\u00e6re samarbejdspartner med Operation Dagsv\u00e6rk for kampagnen 2027 og projektimplementering derefter? Hvert \u00e5r starter Operation Dagsv\u00e6rk (OD) et&nbsp;nyt partnerskab med form\u00e5let at skabe en oplysning og engagements kampagne m\u00e5lrettet unge &hellip;\" \/>\n<meta property=\"og:url\" content=\"https:\/\/www.od.dk\/?page_id=312\" \/>\n<meta property=\"og:site_name\" content=\"Operation Dagsv\u00e6rk\" \/>\n<meta property=\"article:modified_time\" content=\"2026-04-24T10:52:20+00:00\" \/>\n<meta property=\"og:image\" content=\"http:\/\/www.od.dk\/wp-content\/uploads\/2022\/02\/Placement_Area.png\" \/>\n\t<meta property=\"og:image:width\" content=\"1920\" \/>\n\t<meta property=\"og:image:height\" content=\"460\" \/>\n\t<meta property=\"og:image:type\" content=\"image\/png\" \/>\n<meta name=\"twitter:card\" content=\"summary_large_image\" \/>\n<meta name=\"twitter:label1\" content=\"Estimeret l\u00e6setid\" \/>\n\t<meta name=\"twitter:data1\" content=\"5 minutter\" \/>\n<script type=\"application\/ld+json\" class=\"yoast-schema-graph\">{\"@context\":\"https:\/\/schema.org\",\"@graph\":[{\"@type\":\"WebPage\",\"@id\":\"https:\/\/www.od.dk\/?page_id=312\",\"url\":\"https:\/\/www.od.dk\/?page_id=312\",\"name\":\"PROJEKTPARTNERE - Operation Dagsv\u00e6rk\",\"isPartOf\":{\"@id\":\"https:\/\/www.od.dk\/#website\"},\"primaryImageOfPage\":{\"@id\":\"https:\/\/www.od.dk\/?page_id=312#primaryimage\"},\"image\":{\"@id\":\"https:\/\/www.od.dk\/?page_id=312#primaryimage\"},\"thumbnailUrl\":\"https:\/\/www.od.dk\/wp-content\/uploads\/2022\/02\/Placement_Area.png\",\"datePublished\":\"2022-07-03T14:04:17+00:00\",\"dateModified\":\"2026-04-24T10:52:20+00:00\",\"breadcrumb\":{\"@id\":\"https:\/\/www.od.dk\/?page_id=312#breadcrumb\"},\"inLanguage\":\"da-DK\",\"potentialAction\":[{\"@type\":\"ReadAction\",\"target\":[\"https:\/\/www.od.dk\/?page_id=312\"]}]},{\"@type\":\"ImageObject\",\"inLanguage\":\"da-DK\",\"@id\":\"https:\/\/www.od.dk\/?page_id=312#primaryimage\",\"url\":\"https:\/\/www.od.dk\/wp-content\/uploads\/2022\/02\/Placement_Area.png\",\"contentUrl\":\"https:\/\/www.od.dk\/wp-content\/uploads\/2022\/02\/Placement_Area.png\",\"width\":1920,\"height\":460},{\"@type\":\"BreadcrumbList\",\"@id\":\"https:\/\/www.od.dk\/?page_id=312#breadcrumb\",\"itemListElement\":[{\"@type\":\"ListItem\",\"position\":1,\"name\":\"Forside\",\"item\":\"https:\/\/www.od.dk\/\"},{\"@type\":\"ListItem\",\"position\":2,\"name\":\"PROJEKTPARTNERE\"}]},{\"@type\":\"WebSite\",\"@id\":\"https:\/\/www.od.dk\/#website\",\"url\":\"https:\/\/www.od.dk\/\",\"name\":\"Operation Dagsv\u00e6rk\",\"description\":\"Oplysning, stillingtagen, handling\",\"alternateName\":\"OD\",\"potentialAction\":[{\"@type\":\"SearchAction\",\"target\":{\"@type\":\"EntryPoint\",\"urlTemplate\":\"https:\/\/www.od.dk\/?s={search_term_string}\"},\"query-input\":\"required name=search_term_string\"}],\"inLanguage\":\"da-DK\"}]}<\/script>\n<!-- \/ Yoast SEO plugin. -->","yoast_head_json":{"title":"PROJEKTPARTNERE - Operation Dagsv\u00e6rk","robots":{"index":"index","follow":"follow","max-snippet":"max-snippet:-1","max-image-preview":"max-image-preview:large","max-video-preview":"max-video-preview:-1"},"canonical":"https:\/\/www.od.dk\/?page_id=312","og_locale":"da_DK","og_type":"article","og_title":"PROJEKTPARTNERE - Operation Dagsv\u00e6rk","og_description":"Har I lyst til at v\u00e6re samarbejdspartner med Operation Dagsv\u00e6rk for kampagnen 2027 og projektimplementering derefter? Hvert \u00e5r starter Operation Dagsv\u00e6rk (OD) et&nbsp;nyt partnerskab med form\u00e5let at skabe en oplysning og engagements kampagne m\u00e5lrettet unge &hellip;","og_url":"https:\/\/www.od.dk\/?page_id=312","og_site_name":"Operation Dagsv\u00e6rk","article_modified_time":"2026-04-24T10:52:20+00:00","og_image":[{"width":1920,"height":460,"url":"http:\/\/www.od.dk\/wp-content\/uploads\/2022\/02\/Placement_Area.png","type":"image\/png"}],"twitter_card":"summary_large_image","twitter_misc":{"Estimeret l\u00e6setid":"5 minutter"},"schema":{"@context":"https:\/\/schema.org","@graph":[{"@type":"WebPage","@id":"https:\/\/www.od.dk\/?page_id=312","url":"https:\/\/www.od.dk\/?page_id=312","name":"PROJEKTPARTNERE - Operation Dagsv\u00e6rk","isPartOf":{"@id":"https:\/\/www.od.dk\/#website"},"primaryImageOfPage":{"@id":"https:\/\/www.od.dk\/?page_id=312#primaryimage"},"image":{"@id":"https:\/\/www.od.dk\/?page_id=312#primaryimage"},"thumbnailUrl":"https:\/\/www.od.dk\/wp-content\/uploads\/2022\/02\/Placement_Area.png","datePublished":"2022-07-03T14:04:17+00:00","dateModified":"2026-04-24T10:52:20+00:00","breadcrumb":{"@id":"https:\/\/www.od.dk\/?page_id=312#breadcrumb"},"inLanguage":"da-DK","potentialAction":[{"@type":"ReadAction","target":["https:\/\/www.od.dk\/?page_id=312"]}]},{"@type":"ImageObject","inLanguage":"da-DK","@id":"https:\/\/www.od.dk\/?page_id=312#primaryimage","url":"https:\/\/www.od.dk\/wp-content\/uploads\/2022\/02\/Placement_Area.png","contentUrl":"https:\/\/www.od.dk\/wp-content\/uploads\/2022\/02\/Placement_Area.png","width":1920,"height":460},{"@type":"BreadcrumbList","@id":"https:\/\/www.od.dk\/?page_id=312#breadcrumb","itemListElement":[{"@type":"ListItem","position":1,"name":"Forside","item":"https:\/\/www.od.dk\/"},{"@type":"ListItem","position":2,"name":"PROJEKTPARTNERE"}]},{"@type":"WebSite","@id":"https:\/\/www.od.dk\/#website","url":"https:\/\/www.od.dk\/","name":"Operation Dagsv\u00e6rk","description":"Oplysning, stillingtagen, handling","alternateName":"OD","potentialAction":[{"@type":"SearchAction","target":{"@type":"EntryPoint","urlTemplate":"https:\/\/www.od.dk\/?s={search_term_string}"},"query-input":"required name=search_term_string"}],"inLanguage":"da-DK"}]}},"_links":{"self":[{"href":"https:\/\/www.od.dk\/index.php?rest_route=\/wp\/v2\/pages\/312"}],"collection":[{"href":"https:\/\/www.od.dk\/index.php?rest_route=\/wp\/v2\/pages"}],"about":[{"href":"https:\/\/www.od.dk\/index.php?rest_route=\/wp\/v2\/types\/page"}],"author":[{"embeddable":true,"href":"https:\/\/www.od.dk\/index.php?rest_route=\/wp\/v2\/users\/1"}],"replies":[{"embeddable":true,"href":"https:\/\/www.od.dk\/index.php?rest_route=%2Fwp%2Fv2%2Fcomments&post=312"}],"version-history":[{"count":49,"href":"https:\/\/www.od.dk\/index.php?rest_route=\/wp\/v2\/pages\/312\/revisions"}],"predecessor-version":[{"id":2240,"href":"https:\/\/www.od.dk\/index.php?rest_route=\/wp\/v2\/pages\/312\/revisions\/2240"}],"wp:featuredmedia":[{"embeddable":true,"href":"https:\/\/www.od.dk\/index.php?rest_route=\/wp\/v2\/media\/37"}],"wp:attachment":[{"href":"https:\/\/www.od.dk\/index.php?rest_route=%2Fwp%2Fv2%2Fmedia&parent=312"}],"curies":[{"name":"wp","href":"https:\/\/api.w.org\/{rel}","templated":true}]}}