{"id":866,"date":"2022-12-16T14:52:49","date_gmt":"2022-12-16T14:52:49","guid":{"rendered":"https:\/\/www.od.dk\/?page_id=866"},"modified":"2022-12-16T14:52:49","modified_gmt":"2022-12-16T14:52:49","slug":"bestyrelsen","status":"publish","type":"page","link":"https:\/\/www.od.dk\/?page_id=866","title":{"rendered":"Bestyrelsen"},"content":{"rendered":"\n<p>I Operation Dagsv\u00e6rk best\u00e5r bestyrelsen af elever fra gymnasier og efterskoler, som er valgt p\u00e5 vores \u00e5rlige storm\u00f8de. <\/p>\n\n\n\n<p>Kontakt bestyrelsen, hvis du har foresp\u00f8rgsler af politisk karakter.<\/p>\n\n\n\n<p>best@od.dk<\/p>\n","protected":false},"excerpt":{"rendered":"<p>I Operation Dagsv\u00e6rk best\u00e5r bestyrelsen af elever fra gymnasier og efterskoler, som er valgt p\u00e5 vores \u00e5rlige storm\u00f8de. Kontakt bestyrelsen, hvis du har foresp\u00f8rgsler af politisk karakter. best@od.dk<\/p>\n","protected":false},"author":1,"featured_media":0,"parent":129,"menu_order":2,"comment_status":"closed","ping_status":"closed","template":"","meta":{"footnotes":""},"acf":[],"yoast_head":"<!-- This site is optimized with the Yoast SEO plugin v22.5 - https:\/\/yoast.com\/wordpress\/plugins\/seo\/ -->\n<title>Bestyrelsen - Operation Dagsv\u00e6rk<\/title>\n<meta name=\"robots\" content=\"index, follow, max-snippet:-1, max-image-preview:large, max-video-preview:-1\" \/>\n<link rel=\"canonical\" href=\"https:\/\/www.od.dk\/?page_id=866\" \/>\n<meta property=\"og:locale\" content=\"da_DK\" \/>\n<meta property=\"og:type\" content=\"article\" \/>\n<meta property=\"og:title\" content=\"Bestyrelsen - Operation Dagsv\u00e6rk\" \/>\n<meta property=\"og:description\" content=\"I Operation Dagsv\u00e6rk best\u00e5r bestyrelsen af elever fra gymnasier og efterskoler, som er valgt p\u00e5 vores \u00e5rlige storm\u00f8de. Kontakt bestyrelsen, hvis du har foresp\u00f8rgsler af politisk karakter. best@od.dk\" \/>\n<meta property=\"og:url\" content=\"https:\/\/www.od.dk\/?page_id=866\" \/>\n<meta property=\"og:site_name\" content=\"Operation Dagsv\u00e6rk\" \/>\n<meta name=\"twitter:card\" content=\"summary_large_image\" \/>\n<meta name=\"twitter:label1\" content=\"Estimeret l\u00e6setid\" \/>\n\t<meta name=\"twitter:data1\" content=\"1 minut\" \/>\n<script type=\"application\/ld+json\" class=\"yoast-schema-graph\">{\"@context\":\"https:\/\/schema.org\",\"@graph\":[{\"@type\":\"WebPage\",\"@id\":\"https:\/\/www.od.dk\/?page_id=866\",\"url\":\"https:\/\/www.od.dk\/?page_id=866\",\"name\":\"Bestyrelsen - Operation Dagsv\u00e6rk\",\"isPartOf\":{\"@id\":\"https:\/\/www.od.dk\/#website\"},\"datePublished\":\"2022-12-16T14:52:49+00:00\",\"dateModified\":\"2022-12-16T14:52:49+00:00\",\"breadcrumb\":{\"@id\":\"https:\/\/www.od.dk\/?page_id=866#breadcrumb\"},\"inLanguage\":\"da-DK\",\"potentialAction\":[{\"@type\":\"ReadAction\",\"target\":[\"https:\/\/www.od.dk\/?page_id=866\"]}]},{\"@type\":\"BreadcrumbList\",\"@id\":\"https:\/\/www.od.dk\/?page_id=866#breadcrumb\",\"itemListElement\":[{\"@type\":\"ListItem\",\"position\":1,\"name\":\"Forside\",\"item\":\"https:\/\/www.od.dk\/\"},{\"@type\":\"ListItem\",\"position\":2,\"name\":\"Kontakt\",\"item\":\"https:\/\/www.od.dk\/?page_id=129\"},{\"@type\":\"ListItem\",\"position\":3,\"name\":\"Bestyrelsen\"}]},{\"@type\":\"WebSite\",\"@id\":\"https:\/\/www.od.dk\/#website\",\"url\":\"https:\/\/www.od.dk\/\",\"name\":\"Operation Dagsv\u00e6rk\",\"description\":\"Oplysning, stillingtagen, handling\",\"alternateName\":\"OD\",\"potentialAction\":[{\"@type\":\"SearchAction\",\"target\":{\"@type\":\"EntryPoint\",\"urlTemplate\":\"https:\/\/www.od.dk\/?s={search_term_string}\"},\"query-input\":\"required name=search_term_string\"}],\"inLanguage\":\"da-DK\"}]}<\/script>\n<!-- \/ Yoast SEO plugin. -->","yoast_head_json":{"title":"Bestyrelsen - Operation Dagsv\u00e6rk","robots":{"index":"index","follow":"follow","max-snippet":"max-snippet:-1","max-image-preview":"max-image-preview:large","max-video-preview":"max-video-preview:-1"},"canonical":"https:\/\/www.od.dk\/?page_id=866","og_locale":"da_DK","og_type":"article","og_title":"Bestyrelsen - Operation Dagsv\u00e6rk","og_description":"I Operation Dagsv\u00e6rk best\u00e5r bestyrelsen af elever fra gymnasier og efterskoler, som er valgt p\u00e5 vores \u00e5rlige storm\u00f8de. Kontakt bestyrelsen, hvis du har foresp\u00f8rgsler af politisk karakter. best@od.dk","og_url":"https:\/\/www.od.dk\/?page_id=866","og_site_name":"Operation Dagsv\u00e6rk","twitter_card":"summary_large_image","twitter_misc":{"Estimeret l\u00e6setid":"1 minut"},"schema":{"@context":"https:\/\/schema.org","@graph":[{"@type":"WebPage","@id":"https:\/\/www.od.dk\/?page_id=866","url":"https:\/\/www.od.dk\/?page_id=866","name":"Bestyrelsen - Operation Dagsv\u00e6rk","isPartOf":{"@id":"https:\/\/www.od.dk\/#website"},"datePublished":"2022-12-16T14:52:49+00:00","dateModified":"2022-12-16T14:52:49+00:00","breadcrumb":{"@id":"https:\/\/www.od.dk\/?page_id=866#breadcrumb"},"inLanguage":"da-DK","potentialAction":[{"@type":"ReadAction","target":["https:\/\/www.od.dk\/?page_id=866"]}]},{"@type":"BreadcrumbList","@id":"https:\/\/www.od.dk\/?page_id=866#breadcrumb","itemListElement":[{"@type":"ListItem","position":1,"name":"Forside","item":"https:\/\/www.od.dk\/"},{"@type":"ListItem","position":2,"name":"Kontakt","item":"https:\/\/www.od.dk\/?page_id=129"},{"@type":"ListItem","position":3,"name":"Bestyrelsen"}]},{"@type":"WebSite","@id":"https:\/\/www.od.dk\/#website","url":"https:\/\/www.od.dk\/","name":"Operation Dagsv\u00e6rk","description":"Oplysning, stillingtagen, handling","alternateName":"OD","potentialAction":[{"@type":"SearchAction","target":{"@type":"EntryPoint","urlTemplate":"https:\/\/www.od.dk\/?s={search_term_string}"},"query-input":"required name=search_term_string"}],"inLanguage":"da-DK"}]}},"_links":{"self":[{"href":"https:\/\/www.od.dk\/index.php?rest_route=\/wp\/v2\/pages\/866"}],"collection":[{"href":"https:\/\/www.od.dk\/index.php?rest_route=\/wp\/v2\/pages"}],"about":[{"href":"https:\/\/www.od.dk\/index.php?rest_route=\/wp\/v2\/types\/page"}],"author":[{"embeddable":true,"href":"https:\/\/www.od.dk\/index.php?rest_route=\/wp\/v2\/users\/1"}],"replies":[{"embeddable":true,"href":"https:\/\/www.od.dk\/index.php?rest_route=%2Fwp%2Fv2%2Fcomments&post=866"}],"version-history":[{"count":1,"href":"https:\/\/www.od.dk\/index.php?rest_route=\/wp\/v2\/pages\/866\/revisions"}],"predecessor-version":[{"id":867,"href":"https:\/\/www.od.dk\/index.php?rest_route=\/wp\/v2\/pages\/866\/revisions\/867"}],"up":[{"embeddable":true,"href":"https:\/\/www.od.dk\/index.php?rest_route=\/wp\/v2\/pages\/129"}],"wp:attachment":[{"href":"https:\/\/www.od.dk\/index.php?rest_route=%2Fwp%2Fv2%2Fmedia&parent=866"}],"curies":[{"name":"wp","href":"https:\/\/api.w.org\/{rel}","templated":true}]}}